{"id":13782,"date":"2021-03-06T09:30:13","date_gmt":"2021-03-06T08:30:13","guid":{"rendered":"https:\/\/www.gskos.unios.hr\/?page_id=13782"},"modified":"2024-01-08T11:02:38","modified_gmt":"2024-01-08T10:02:38","slug":"reprografske-usluge","status":"publish","type":"page","link":"https:\/\/www.gskos.unios.hr\/index.php\/reprografske-usluge\/","title":{"rendered":"REPROGRAFSKE USLUGE"},"content":{"rendered":"<section class=\"wpb-content-wrapper\"><p>[vc_row full_width=&#8221;stretch_row&#8221; content_placement=&#8221;bottom&#8221; enable_first_overlay=&#8221;true&#8221; first_overlay_opacity=&#8221;25&#8243; first_background_type=&#8221;gradient&#8221; enable_parallax=&#8221;true&#8221; parallax_background=&#8221;13783&#8243; parallax_style=&#8221;fixed&#8221; css=&#8221;.vc_custom_1615019488484{background-position: center !important;background-repeat: no-repeat !important;background-size: cover !important;}&#8221;][vc_column alignment=&#8221;center&#8221;]<div id=\"mpc_textblock-6369fcdb326ccb7\" class=\"mpc-textblock mpc-init mpc-typography--preset_0 mpc-animation \" data-animation-in=\"transition.slideDownBigIn||3250||0||100\"><p style=\"text-align: center;\">REPROGRAFSKE USLUGE<\/p>\n<\/div>[\/vc_column][\/vc_row][vc_row][vc_column][vc_empty_space height=&#8221;90px&#8221;]<div data-id=\"mpc_divider-169fcdb326cd85\" class=\"mpc-divider-wrap\"><div class=\"mpc-divider mpc-init mpc-align--center \" ><div class=\"mpc-divider__line mpc-side--left\"><span><\/span><\/div><div class=\"mpc-divider__separator\"><div class=\"mpc-divider__content fa fa-circle\"><\/div><\/div><div class=\"mpc-divider__line mpc-side--right\"><span><\/span><\/div><\/div><\/div>[vc_empty_space height=&#8221;50px&#8221;][\/vc_column][\/vc_row][vc_row][vc_column]<div id=\"mpc_textblock-2669fcdb326cdbd\" class=\"mpc-textblock mpc-init mpc-typography--mpc_preset_103 \"><p style=\"text-align: justify;\">Reprografske usluge obavljaju se u Studijskoj \u010ditaonici na zahtjev korisnika, a u skladu s va\u017ee\u0107im propisima o autorskom pravu ili drugim propisima kao crno-bijele kopije u formatima A4 i A3.<\/p>\n<p style=\"text-align: justify;\">Dostava digitalnih dokumenata je usluga tehni\u010dki gotovo istovjetna usluzi skeniranja na zahtjev (skeniranje ili fotografiranje, te obrada slika), koja korisnicima omogu\u0107ava narud\u017ebu gra\u0111e u elektroni\u010dkom obliku iz fonda Knji\u017enice.<\/p>\n<p style=\"text-align: justify;\">Sve reprografske usluge (fotokopiranje gra\u0111e i dostava digitalnih dokumenata) dostupne su svim korisnicima Knji\u017enice i napla\u0107uju se prema va\u017ee\u0107em <a href=\"https:\/\/www.gskos.unios.hr\/index.php\/cjenik\/\" target=\"_blank\" rel=\"noopener\">cjeniku<\/a>.<\/p>\n<p>Skeniranje gra\u0111e dostupne u Gradskoj i sveu\u010dili\u0161noj knji\u017enici Osijek mogu\u0107e je naru\u010diti ispunjavanjem <a href=\"https:\/\/www.gskos.unios.hr\/wp-content\/uploads\/2018\/05\/GISKO-skeniranje_OBRAZAC.docx\"><strong>obrasca<\/strong><\/a> koji je potrebno dostaviti putem adrese e-po\u0161te <a href=\"mailto:mkp@gskos.hr\"><strong>mkp@gskos.hr<\/strong><\/a>.<\/p>\n<p style=\"text-align: justify;\">Stru\u010dni djelatnici Knji\u017enice zadr\u017eavaju pravo uskra\u0107ivanja reprografske usluge gra\u0111e, ukoliko se narud\u017eba obimom kosi s autorskim pravima i drugim zakonskim propisima ili je evidentna namjera raspa\u010davanja gra\u0111e na \u0161tetu autorskih i drugih prava. Pravo uskra\u0107ivanja reprografske usluge zadr\u017eava se i za dio fonda koji zbog svoje specifi\u010dnosti (dimenzije, za\u0161tita gra\u0111e, vrijednost) nije pogodan za digitalnu obradu.<\/p>\n<\/div>[vc_empty_space height=&#8221;100px&#8221;][\/vc_column][\/vc_row]<\/p>\n<\/section>","protected":false},"excerpt":{"rendered":"<p>[vc_row full_width=&#8221;stretch_row&#8221; content_placement=&#8221;bottom&#8221; enable_first_overlay=&#8221;true&#8221; first_overlay_opacity=&#8221;25&#8243; first_background_type=&#8221;gradient&#8221; enable_parallax=&#8221;true&#8221; parallax_background=&#8221;13783&#8243; parallax_style=&#8221;fixed&#8221; css=&#8221;.vc_custom_1615019488484{background-position: center !important;background-repeat: no-repeat !important;background-size: cover !important;}&#8221;][vc_column alignment=&#8221;center&#8221;][\/vc_column][\/vc_row][vc_row][vc_column][vc_empty_space height=&#8221;90px&#8221;][vc_empty_space height=&#8221;50px&#8221;][\/vc_column][\/vc_row][vc_row][vc_column][vc_empty_space height=&#8221;100px&#8221;][\/vc_column][\/vc_row]<\/p>\n","protected":false},"author":3,"featured_media":13783,"parent":0,"menu_order":0,"comment_status":"closed","ping_status":"closed","template":"","meta":{"_mi_skip_tracking":false},"_links":{"self":[{"href":"https:\/\/www.gskos.unios.hr\/index.php\/wp-json\/wp\/v2\/pages\/13782"}],"collection":[{"href":"https:\/\/www.gskos.unios.hr\/index.php\/wp-json\/wp\/v2\/pages"}],"about":[{"href":"https:\/\/www.gskos.unios.hr\/index.php\/wp-json\/wp\/v2\/types\/page"}],"author":[{"embeddable":true,"href":"https:\/\/www.gskos.unios.hr\/index.php\/wp-json\/wp\/v2\/users\/3"}],"replies":[{"embeddable":true,"href":"https:\/\/www.gskos.unios.hr\/index.php\/wp-json\/wp\/v2\/comments?post=13782"}],"version-history":[{"count":21,"href":"https:\/\/www.gskos.unios.hr\/index.php\/wp-json\/wp\/v2\/pages\/13782\/revisions"}],"predecessor-version":[{"id":19750,"href":"https:\/\/www.gskos.unios.hr\/index.php\/wp-json\/wp\/v2\/pages\/13782\/revisions\/19750"}],"wp:featuredmedia":[{"embeddable":true,"href":"https:\/\/www.gskos.unios.hr\/index.php\/wp-json\/wp\/v2\/media\/13783"}],"wp:attachment":[{"href":"https:\/\/www.gskos.unios.hr\/index.php\/wp-json\/wp\/v2\/media?parent=13782"}],"curies":[{"name":"wp","href":"https:\/\/api.w.org\/{rel}","templated":true}]}}