{"id":13834,"date":"2021-03-08T13:35:03","date_gmt":"2021-03-08T12:35:03","guid":{"rendered":"https:\/\/www.gskos.unios.hr\/?page_id=13834"},"modified":"2026-03-04T09:40:37","modified_gmt":"2026-03-04T08:40:37","slug":"bibliometrijske_usluge","status":"publish","type":"page","link":"https:\/\/www.gskos.unios.hr\/index.php\/bibliometrijske_usluge\/","title":{"rendered":"BIBLIOMETRIJA"},"content":{"rendered":"<section class=\"wpb-content-wrapper\"><p>[vc_row full_width=&#8221;stretch_row&#8221; content_placement=&#8221;bottom&#8221; enable_first_overlay=&#8221;true&#8221; first_overlay_opacity=&#8221;25&#8243; first_background_type=&#8221;gradient&#8221; enable_parallax=&#8221;true&#8221; parallax_background=&#8221;13868&#8243; css=&#8221;.vc_custom_1615294917536{background-position: center !important;background-repeat: no-repeat !important;background-size: cover !important;}&#8221;][vc_column alignment=&#8221;center&#8221;]<div id=\"mpc_textblock-2169f688ab187bc\" class=\"mpc-textblock mpc-init mpc-animation \" data-animation-in=\"transition.slideDownBigIn||3250||0||100\"><p style=\"text-align: center;\">BIBLIOMETRIJSKE USLUGE<\/p>\n<\/div>[\/vc_column][\/vc_row][vc_section][vc_row][vc_column][vc_empty_space height=&#8221;90px&#8221;]<div data-id=\"mpc_divider-7769f688ab188ae\" class=\"mpc-divider-wrap\"><div class=\"mpc-divider mpc-init mpc-align--center \" ><div class=\"mpc-divider__line mpc-side--left\"><span><\/span><\/div><div class=\"mpc-divider__separator\"><div class=\"mpc-divider__content fa fa-circle\"><\/div><\/div><div class=\"mpc-divider__line mpc-side--right\"><span><\/span><\/div><\/div><\/div>[vc_empty_space height=&#8221;50px&#8221;][\/vc_column][\/vc_row][vc_row][vc_column]<div id=\"mpc_textblock-2269f688ab188f1\" class=\"mpc-textblock mpc-init mpc-typography--mpc_preset_103 \"><p>Knji\u017enica svojim korisnicima nudi usluge bibliometrijskih istra\u017eivanja za potrebe napredovanja u zvanjima, prijave na projekte, stipendije i sl.<\/p>\n<p>Na zahtjev korisnika, te uvidom u mre\u017ene baze podataka kojima knji\u017enica ima pristup u okviru nacionalne licence koju osigurava projekt <a href=\"https:\/\/www.nsk.hr\/eu-projekti\/e-izvori\/?_ga=2.223596635.1131460816.1607449178-1839443340.1600845812\" target=\"_blank\" rel=\"noopener\">e-Izvori<\/a><em>, <\/em>izdaju se sljede\u0107e potvrde:<\/p>\n<ul>\n<li>potvrda o zastupljenosti i citiranosti radova znanstvenika<\/li>\n<li>potvrda o zastupljenosti \u010dasopisa za potrebe uredni\u0161tva doma\u0107ih, znanstvenih i stru\u010dnih \u010dasopisa<\/li>\n<\/ul>\n<p>Zastupljenost i citiranost znanstvenih radova provjerava se u bazama podataka propisanim u <a href=\"https:\/\/narodne-novine.nn.hr\/clanci\/sluzbeni\/2017_03_28_652.html\" target=\"_blank\" rel=\"noopener\">Pravilniku o uvjetima za izbor u znanstvena zvanja<\/a> (NN 28\/2017, 111\/2022) koji je donijelo Nacionalno vije\u0107e za znanost, visoko obrazovanje i tehnolo\u0161ki razvoj.<\/p>\n<p>Podnositelj zahtjeva prethodno treba:<\/p>\n<ul>\n<li>a\u017eurirati popis radova u <a href=\"https:\/\/www.bib.irb.hr\/\" target=\"_blank\" rel=\"noopener\">Hrvatskoj znanstvenoj bibliografiji \u2013 CROSBI<\/a><\/li>\n<li>otvoriti javni profil na <a href=\"https:\/\/scholar.google.hr\/schhp?hl=hr\" target=\"_blank\" rel=\"noopener\">Google Znalcu<\/a> (<a href=\"https:\/\/www.gskos.unios.hr\/wp-content\/uploads\/2018\/05\/UPUTE-ZNALAC.pdf\" target=\"_blank\" rel=\"noopener\">upute za izradu profila<\/a>)<\/li>\n<li>izraditi jedinstvene identifikatore <a href=\"https:\/\/www.researcherid.com\/#rid-for-researchers\" target=\"_blank\" rel=\"noopener\">ResearcherID<\/a> i <a href=\"https:\/\/orcid.org\/\" target=\"_blank\" rel=\"noopener\">ORCID<\/a><\/li>\n<\/ul>\n<p>Za individualnu pomo\u0107 pri izradi Google Znalac, Research ID te ORCID profila mo\u017ee se obratiti knji\u017eni\u010darima na Studijskoj \u010ditaonici.<\/p>\n<p>Potvrde se mogu zatra\u017eiti ispunjavanjem<strong>\u00a0<a href=\"https:\/\/www.gskos.unios.hr\/wp-content\/uploads\/2026\/03\/GISKO_bibliometrija.docx\">obrasca<\/a><\/strong>.<br \/>\nUsluga se pru\u017ea samo \u010dlanovima Gradske i sveu\u010dili\u0161ne knji\u017enice Osijek te zaposlenicima Sveu\u010dili\u0161ta Josipa Jurja Strossmayera u Osijeku i besplatna je.<\/p>\n<p>Rok za izdavanje Potvrde iznosi 7 radnih dana, u slu\u010daju ve\u0107eg obima posla zadr\u017eavamo pravo na produ\u017eenje tog roka.<\/p>\n<p>Dodatne informacije mogu se dobiti na broj telefona 031 211 233 (Studijska \u010ditaonica) ili na adresu e-po\u0161te <a href=\"bibliometrija@gskos.hr\" target=\"_blank\" rel=\"noopener\">bibliometrija@gskos.hr<\/a>.<\/p>\n<\/div>[vc_empty_space height=&#8221;100px&#8221;][\/vc_column][\/vc_row][\/vc_section]<\/p>\n<\/section>","protected":false},"excerpt":{"rendered":"<p>[vc_row full_width=&#8221;stretch_row&#8221; content_placement=&#8221;bottom&#8221; enable_first_overlay=&#8221;true&#8221; first_overlay_opacity=&#8221;25&#8243; first_background_type=&#8221;gradient&#8221; enable_parallax=&#8221;true&#8221; parallax_background=&#8221;13868&#8243; css=&#8221;.vc_custom_1615294917536{background-position: center !important;background-repeat: no-repeat !important;background-size: cover !important;}&#8221;][vc_column alignment=&#8221;center&#8221;][\/vc_column][\/vc_row][vc_section][vc_row][vc_column][vc_empty_space height=&#8221;90px&#8221;][vc_empty_space height=&#8221;50px&#8221;][\/vc_column][\/vc_row][vc_row][vc_column][vc_empty_space height=&#8221;100px&#8221;][\/vc_column][\/vc_row][\/vc_section]<\/p>\n","protected":false},"author":13,"featured_media":13866,"parent":0,"menu_order":0,"comment_status":"closed","ping_status":"closed","template":"","meta":{"_mi_skip_tracking":false},"_links":{"self":[{"href":"https:\/\/www.gskos.unios.hr\/index.php\/wp-json\/wp\/v2\/pages\/13834"}],"collection":[{"href":"https:\/\/www.gskos.unios.hr\/index.php\/wp-json\/wp\/v2\/pages"}],"about":[{"href":"https:\/\/www.gskos.unios.hr\/index.php\/wp-json\/wp\/v2\/types\/page"}],"author":[{"embeddable":true,"href":"https:\/\/www.gskos.unios.hr\/index.php\/wp-json\/wp\/v2\/users\/13"}],"replies":[{"embeddable":true,"href":"https:\/\/www.gskos.unios.hr\/index.php\/wp-json\/wp\/v2\/comments?post=13834"}],"version-history":[{"count":20,"href":"https:\/\/www.gskos.unios.hr\/index.php\/wp-json\/wp\/v2\/pages\/13834\/revisions"}],"predecessor-version":[{"id":23093,"href":"https:\/\/www.gskos.unios.hr\/index.php\/wp-json\/wp\/v2\/pages\/13834\/revisions\/23093"}],"wp:featuredmedia":[{"embeddable":true,"href":"https:\/\/www.gskos.unios.hr\/index.php\/wp-json\/wp\/v2\/media\/13866"}],"wp:attachment":[{"href":"https:\/\/www.gskos.unios.hr\/index.php\/wp-json\/wp\/v2\/media?parent=13834"}],"curies":[{"name":"wp","href":"https:\/\/api.w.org\/{rel}","templated":true}]}}