{"id":14089,"date":"2021-03-29T14:28:21","date_gmt":"2021-03-29T12:28:21","guid":{"rendered":"https:\/\/www.gskos.unios.hr\/?page_id=14089"},"modified":"2021-04-09T08:51:32","modified_gmt":"2021-04-09T06:51:32","slug":"kvizovi-za-djecu","status":"publish","type":"page","link":"https:\/\/www.gskos.unios.hr\/index.php\/kvizovi-za-djecu\/","title":{"rendered":"KVIZOVI ZA DJECU"},"content":{"rendered":"<section class=\"wpb-content-wrapper\"><p>[vc_row full_width=&#8221;stretch_row&#8221; content_placement=&#8221;bottom&#8221; enable_first_overlay=&#8221;true&#8221; first_overlay_opacity=&#8221;25&#8243; first_background_type=&#8221;gradient&#8221; enable_parallax=&#8221;true&#8221; parallax_background=&#8221;14052&#8243; css=&#8221;.vc_custom_1617020849739{background-position: center !important;background-repeat: no-repeat !important;background-size: cover !important;}&#8221;][vc_column alignment=&#8221;center&#8221;]<div id=\"mpc_textblock-7569ffe6236f60e\" class=\"mpc-textblock mpc-init mpc-animation \" data-animation-in=\"transition.slideDownBigIn||3250||0||100\"><p style=\"text-align: center;\">KVIZOVI ZA DJECU<\/p>\n<\/div>[\/vc_column][\/vc_row][vc_section][vc_row][vc_column][vc_empty_space height=&#8221;90px&#8221;]<div data-id=\"mpc_divider-1669ffe6236f6bf\" class=\"mpc-divider-wrap\"><div class=\"mpc-divider mpc-init mpc-align--center \" ><div class=\"mpc-divider__line mpc-side--left\"><span><\/span><\/div><div class=\"mpc-divider__separator\"><div class=\"mpc-divider__content fa fa-circle\"><\/div><\/div><div class=\"mpc-divider__line mpc-side--right\"><span><\/span><\/div><\/div><\/div>[vc_empty_space height=&#8221;50px&#8221;][\/vc_column][\/vc_row][\/vc_section][vc_row][vc_column]<div data-id=\"mpc_divider-6769ffe6236f6f8\" class=\"mpc-divider-wrap\"><div class=\"mpc-divider mpc-init mpc-align--center \" ><div class=\"mpc-divider__line mpc-side--left\"><span><\/span><\/div><div class=\"mpc-divider__separator\"><div class=\"mpc-divider__content mpc-typography--mpc_preset_103\">KVIZOVI ZA DJECU<\/div><\/div><div class=\"mpc-divider__line mpc-side--right\"><span><\/span><\/div><\/div><\/div>[vc_empty_space height=&#8221;50px&#8221;][\/vc_column][\/vc_row][vc_row][vc_column]<div id=\"mpc_textblock-2869ffe6236f721\" class=\"mpc-textblock mpc-init \"><p>Pripremili smo kvizove i za na\u0161e najmla\u0111e korisnike:<\/p>\n<\/div>[vc_empty_space height=&#8221;21px&#8221;]<div data-id=\"mpc_ihover-9669ffe6236f7cf\" class=\"mpc-ihover-wrapper mpc-init \"><div class=\"mpc-ihover-item ih-item circle effect18  right_to_left\" data-effect=\"effect18\"><a  href=\"https:\/\/docs.google.com\/forms\/d\/e\/1FAIpQLSdhEu61hwB49MjvwB_1BozC_j032KQTGWwk6U7KkjsaJ_LZ3Q\/viewform\" target=\"_blank\" title=\"Kviz Matemati\u010dke zavrzlame\" ><div class=\"img\"><div class=\"mpc-image-box\" style=\"background-image: url(https:\/\/www.gskos.unios.hr\/wp-content\/uploads\/2021\/01\/girl-schoolgirl-near-blackboard.jpg);\"><\/div><\/div><div class=\"info\"><div class=\"info-wrap\"><div class=\"mpc-ihover-divider-wrap\"><div class=\"mpc-ihover-divider\"><\/div><\/div><div class=\"mpc-ihover-content mpc-typography--mpc_preset_103\"><p style=\"text-align: center;\"><span class=\"title-label\">Kviz Matemati\u010dke zavrzlame<\/span><\/p>\n<\/div><\/div><\/div><\/a><\/div><div class=\"mpc-ihover-item ih-item circle effect18  bottom_to_top\" data-effect=\"effect18\"><a  href=\"https:\/\/docs.google.com\/forms\/d\/e\/1FAIpQLSeHYBa--tDcFLttF9o84PqNlbobhLG-hH6t6NHUK-RzxuEszw\/viewform\" target=\"_blank\" title=\"Kviz Dinosauri\" ><div class=\"img\"><div class=\"mpc-image-box\" style=\"background-image: url(https:\/\/www.gskos.unios.hr\/wp-content\/uploads\/2021\/01\/closeup-shot-dinosaur-skull-teeth-glass-box.jpg);\"><\/div><\/div><div class=\"info\"><div class=\"info-wrap\"><div class=\"mpc-ihover-divider-wrap\"><div class=\"mpc-ihover-divider\"><\/div><\/div><div class=\"mpc-ihover-content mpc-typography--mpc_preset_103\"><p style=\"text-align: center;\"><span class=\"title-label\">Kviz Dinosauri<\/span><\/p>\n<\/div><\/div><\/div><\/a><\/div><div class=\"mpc-ihover-item ih-item circle effect18  bottom_to_top\" data-effect=\"effect18\"><a  href=\"https:\/\/docs.google.com\/forms\/d\/e\/1FAIpQLSftKZ_H_5obRfmP77DLXcBS-lcawRaVpyWRCVSno8eExH4b7g\/viewform\" target=\"_blank\" title=\"Kviz Suprotnosti\" ><div class=\"img\"><div class=\"mpc-image-box\" style=\"background-image: url(https:\/\/www.gskos.unios.hr\/wp-content\/uploads\/2021\/01\/puzzle-cubes-office-tools-laying-combination.jpg);\"><\/div><\/div><div class=\"info\"><div class=\"info-wrap\"><div class=\"mpc-ihover-divider-wrap\"><div class=\"mpc-ihover-divider\"><\/div><\/div><div class=\"mpc-ihover-content mpc-typography--mpc_preset_103\"><p style=\"text-align: center;\"><span class=\"title-label\">Kviz Suprotnosti <\/span><\/p>\n<\/div><\/div><\/div><\/a><\/div><div class=\"mpc-ihover-item ih-item circle effect18  left_to_right\" data-effect=\"effect18\"><a  href=\"https:\/\/docs.google.com\/forms\/d\/e\/1FAIpQLSeIMVGeCQfhkFv3oCAEp_dh7XF63lvo4GuG6u8D-B0pPXH63A\/viewform?usp=sf_link\" target=\"_blank\" title=\"Kviz o likovima iz slikovnica  \" ><div class=\"img\"><div class=\"mpc-image-box\" style=\"background-image: url(https:\/\/www.gskos.unios.hr\/wp-content\/uploads\/2021\/01\/kids-watching-book-together.jpg);\"><\/div><\/div><div class=\"info\"><div class=\"info-wrap\"><div class=\"mpc-ihover-divider-wrap\"><div class=\"mpc-ihover-divider\"><\/div><\/div><div class=\"mpc-ihover-content mpc-typography--mpc_preset_103\"><p style=\"text-align: center;\"><span class=\"title-label\">Kviz o likovima iz slikovnica <\/span><\/p>\n<\/div><\/div><\/div><\/a><\/div><div class=\"mpc-ihover-item ih-item circle effect18  right_to_left\" data-effect=\"effect18\"><a  href=\"https:\/\/docs.google.com\/forms\/d\/e\/1FAIpQLScPv03ynERlBxEBmcAmpFBHfeCO7RxVvwPfbs-1OvtIQHDqug\/viewform\" target=\"_blank\" title=\"Kviz Knji\u017eevne ekranizacije\" ><div class=\"img\"><div class=\"mpc-image-box\" style=\"background-image: url(https:\/\/www.gskos.unios.hr\/wp-content\/uploads\/2021\/01\/female-holding-clapper-board-front-girl-reading-book.jpg);\"><\/div><\/div><div class=\"info\"><div class=\"info-wrap\"><div class=\"mpc-ihover-divider-wrap\"><div class=\"mpc-ihover-divider\"><\/div><\/div><div class=\"mpc-ihover-content mpc-typography--mpc_preset_103\"><p style=\"text-align: center;\"><span class=\"title-label\">Kviz Knji\u017eevne ekranizacije<\/span><\/p>\n<\/div><\/div><\/div><\/a><\/div><div class=\"mpc-ihover-item ih-item circle effect18  bottom_to_top\" data-effect=\"effect18\"><a  href=\"https:\/\/docs.google.com\/forms\/d\/e\/1FAIpQLSdjTo3OTQnX52HYWxbt8lIVG5VoW7Ef2g7fs0ACF6nGjjZ9cw\/viewform?usp=sf_link\" target=\"_blank\" title=\"Kviz Bajke\" ><div class=\"img\"><div class=\"mpc-image-box\" style=\"background-image: url(https:\/\/www.gskos.unios.hr\/wp-content\/uploads\/2021\/01\/3519053.jpg);\"><\/div><\/div><div class=\"info\"><div class=\"info-wrap\"><div class=\"mpc-ihover-divider-wrap\"><div class=\"mpc-ihover-divider\"><\/div><\/div><div class=\"mpc-ihover-content mpc-typography--mpc_preset_103\"><p style=\"text-align: center;\"><span class=\"title-label\">Kviz Bajke<\/span><\/p>\n<\/div><\/div><\/div><\/a><\/div><div class=\"mpc-ihover-item ih-item circle effect18  left_to_right\" data-effect=\"effect18\"><a  href=\"https:\/\/docs.google.com\/forms\/d\/e\/1FAIpQLSeS_qggZpdPnnNNk6Ofd11H3KOa7dlH_pb1pmsJQ4_GWbH-QA\/viewform?usp=sf_link\" target=\"_blank\" title=\"Bo\u017ei\u0107ni dje\u010dji kviz\" ><div class=\"img\"><div class=\"mpc-image-box\" style=\"background-image: url(https:\/\/www.gskos.unios.hr\/wp-content\/uploads\/2020\/12\/8.-GISKO-knjizevni-kviz-Djecji-bozicni-kviz-e1608624543771.png);\"><\/div><\/div><div class=\"info\"><div class=\"info-wrap\"><div class=\"mpc-ihover-divider-wrap\"><div class=\"mpc-ihover-divider\"><\/div><\/div><div class=\"mpc-ihover-content mpc-typography--mpc_preset_103\"><p style=\"text-align: center;\"><span class=\"title-label\">Bo\u017ei\u0107ni dje\u010dji kviz<\/span><\/p>\n<\/div><\/div><\/div><\/a><\/div><\/div>[vc_empty_space height=&#8221;50px&#8221;][\/vc_column][\/vc_row]<\/p>\n<\/section>","protected":false},"excerpt":{"rendered":"<p>[vc_row full_width=&#8221;stretch_row&#8221; content_placement=&#8221;bottom&#8221; enable_first_overlay=&#8221;true&#8221; first_overlay_opacity=&#8221;25&#8243; first_background_type=&#8221;gradient&#8221; enable_parallax=&#8221;true&#8221; parallax_background=&#8221;14052&#8243; css=&#8221;.vc_custom_1617020849739{background-position: center !important;background-repeat: no-repeat !important;background-size: cover !important;}&#8221;][vc_column alignment=&#8221;center&#8221;][\/vc_column][\/vc_row][vc_section][vc_row][vc_column][vc_empty_space height=&#8221;90px&#8221;][vc_empty_space height=&#8221;50px&#8221;][\/vc_column][\/vc_row][\/vc_section][vc_row][vc_column][vc_empty_space height=&#8221;50px&#8221;][\/vc_column][\/vc_row][vc_row][vc_column][vc_empty_space height=&#8221;21px&#8221;][vc_empty_space height=&#8221;50px&#8221;][\/vc_column][\/vc_row]<\/p>\n","protected":false},"author":14,"featured_media":0,"parent":0,"menu_order":0,"comment_status":"closed","ping_status":"closed","template":"","meta":{"_mi_skip_tracking":false},"_links":{"self":[{"href":"https:\/\/www.gskos.unios.hr\/index.php\/wp-json\/wp\/v2\/pages\/14089"}],"collection":[{"href":"https:\/\/www.gskos.unios.hr\/index.php\/wp-json\/wp\/v2\/pages"}],"about":[{"href":"https:\/\/www.gskos.unios.hr\/index.php\/wp-json\/wp\/v2\/types\/page"}],"author":[{"embeddable":true,"href":"https:\/\/www.gskos.unios.hr\/index.php\/wp-json\/wp\/v2\/users\/14"}],"replies":[{"embeddable":true,"href":"https:\/\/www.gskos.unios.hr\/index.php\/wp-json\/wp\/v2\/comments?post=14089"}],"version-history":[{"count":6,"href":"https:\/\/www.gskos.unios.hr\/index.php\/wp-json\/wp\/v2\/pages\/14089\/revisions"}],"predecessor-version":[{"id":14174,"href":"https:\/\/www.gskos.unios.hr\/index.php\/wp-json\/wp\/v2\/pages\/14089\/revisions\/14174"}],"wp:attachment":[{"href":"https:\/\/www.gskos.unios.hr\/index.php\/wp-json\/wp\/v2\/media?parent=14089"}],"curies":[{"name":"wp","href":"https:\/\/api.w.org\/{rel}","templated":true}]}}