{"id":14123,"date":"2021-04-06T12:04:40","date_gmt":"2021-04-06T10:04:40","guid":{"rendered":"https:\/\/www.gskos.unios.hr\/?page_id=14123"},"modified":"2021-04-06T12:04:40","modified_gmt":"2021-04-06T10:04:40","slug":"slagalice","status":"publish","type":"page","link":"https:\/\/www.gskos.unios.hr\/index.php\/slagalice\/","title":{"rendered":"SLAGALICE"},"content":{"rendered":"<section class=\"wpb-content-wrapper\"><p>[vc_row full_width=&#8221;stretch_row&#8221; content_placement=&#8221;bottom&#8221; enable_first_overlay=&#8221;true&#8221; first_overlay_opacity=&#8221;25&#8243; first_background_type=&#8221;gradient&#8221; enable_parallax=&#8221;true&#8221; parallax_background=&#8221;14124&#8243; css=&#8221;.vc_custom_1617703192576{background-position: center !important;background-repeat: no-repeat !important;background-size: cover !important;}&#8221;][vc_column alignment=&#8221;center&#8221;]<div id=\"mpc_textblock-866a003b84df37d\" class=\"mpc-textblock mpc-init mpc-animation \" data-animation-in=\"transition.slideDownBigIn||3250||0||100\"><p style=\"text-align: center;\">SLAGALICE<\/p>\n<\/div>[\/vc_column][\/vc_row][vc_row][vc_column][vc_empty_space height=&#8221;90px&#8221;]<div data-id=\"mpc_divider-686a003b84df434\" class=\"mpc-divider-wrap\"><div class=\"mpc-divider mpc-init mpc-align--center \" ><div class=\"mpc-divider__line mpc-side--left\"><span><\/span><\/div><div class=\"mpc-divider__separator\"><div class=\"mpc-divider__content fa fa-circle\"><\/div><\/div><div class=\"mpc-divider__line mpc-side--right\"><span><\/span><\/div><\/div><\/div>[vc_empty_space height=&#8221;50px&#8221;][\/vc_column][vc_column][\/vc_column][\/vc_row][vc_row][vc_column]<div data-id=\"mpc_divider-266a003b84df46d\" class=\"mpc-divider-wrap\"><div class=\"mpc-divider mpc-init mpc-align--center \" ><div class=\"mpc-divider__line mpc-side--left\"><span><\/span><\/div><div class=\"mpc-divider__separator\"><div class=\"mpc-divider__content mpc-typography--mpc_preset_103\">SLAGALICE<\/div><\/div><div class=\"mpc-divider__line mpc-side--right\"><span><\/span><\/div><\/div><\/div>[vc_empty_space height=&#8221;50px&#8221;][\/vc_column][\/vc_row][vc_row][vc_column]<div id=\"mpc_textblock-1006a003b84df499\" class=\"mpc-textblock mpc-init \"><p>Slagalice omogu\u0107avaju novi na\u010din pristupa digitaliziranim sadr\u017eajima dostupnima u Gradskoj i sveu\u010dili\u0161noj knji\u017enici Osijek. Motivi su naslovne stranice pojedinih knjiga, ex librisi i razglednice iz Zavi\u010dajne zbirke.<\/p>\n<\/div>[vc_empty_space height=&#8221;21px&#8221;]<div data-id=\"mpc_ihover-726a003b84df550\" class=\"mpc-ihover-wrapper mpc-init \"><div class=\"mpc-ihover-item ih-item circle effect18  right_to_left\" data-effect=\"effect18\"><a  href=\"https:\/\/www.jigsawexplorer.com\/online-jigsaw-puzzle-player.html?url=aHR0cDovL2JhemEuZ3Nrb3MuaHIvc2xhZ2FsaWNhNC5KUEc~&#038;nop=60\" title=\"EX Libris R.F. Magjer\" ><div class=\"img\"><div class=\"mpc-image-box\" style=\"background-image: url(https:\/\/www.gskos.unios.hr\/wp-content\/uploads\/2021\/02\/slag1.jpg);\"><\/div><\/div><div class=\"info\"><div class=\"info-wrap\"><div class=\"mpc-ihover-divider-wrap\"><div class=\"mpc-ihover-divider\"><\/div><\/div><div class=\"mpc-ihover-content mpc-typography--mpc_preset_103\"><p style=\"text-align: center;\">EX Libris R.F. Magjer<\/p>\n<\/div><\/div><\/div><\/a><\/div><div class=\"mpc-ihover-item ih-item circle effect18  bottom_to_top\" data-effect=\"effect18\"><a  href=\"https:\/\/www.jigsawexplorer.com\/online-jigsaw-puzzle-player.html?url=aHR0cHM6Ly93d3cuZ3Nrb3MudW5pb3MuaHIvd3AtY29udGVudC91cGxvYWRzLzIwMTkvMDQvT3NpamVrLmpwZw~~&#038;cred=T3NpamVrLCBEcmF2c2tpIG1vc3Q~\" title=\"Tvr\u0111a\" ><div class=\"img\"><div class=\"mpc-image-box\" style=\"background-image: url(https:\/\/www.gskos.unios.hr\/wp-content\/uploads\/2021\/02\/slag2.jpg);\"><\/div><\/div><div class=\"info\"><div class=\"info-wrap\"><div class=\"mpc-ihover-divider-wrap\"><div class=\"mpc-ihover-divider\"><\/div><\/div><div class=\"mpc-ihover-content mpc-typography--mpc_preset_103\"><p>Tvr\u0111a<\/p>\n<\/div><\/div><\/div><\/a><\/div><div class=\"mpc-ihover-item ih-item circle effect18  bottom_to_top\" data-effect=\"effect18\"><a  href=\"https:\/\/www.jigsawexplorer.com\/online-jigsaw-puzzle-player.html?url=aHR0cDovL21hZ2plci5nc2tvcy5oci93cC1jb250ZW50L3VwbG9hZHMvMjAxNC8wNi9NYWdqZXItRXgtbGlicmlzLTIuanBn&#038;cred=TWFnamVyIEV4IGxpYmlycyAvIFNsYXZrbyBUb21lcmxpbg~~\" title=\"EX Libris R.F. Magjer\" ><div class=\"img\"><div class=\"mpc-image-box\" style=\"background-image: url(https:\/\/www.gskos.unios.hr\/wp-content\/uploads\/2021\/02\/slag3.jpg);\"><\/div><\/div><div class=\"info\"><div class=\"info-wrap\"><div class=\"mpc-ihover-divider-wrap\"><div class=\"mpc-ihover-divider\"><\/div><\/div><div class=\"mpc-ihover-content mpc-typography--mpc_preset_103\"><p style=\"text-align: center;\"><span class=\"title-label\">EX Libris R.F. Magjer<\/span><\/p>\n<\/div><\/div><\/div><\/a><\/div><div class=\"mpc-ihover-item ih-item circle effect18  left_to_right\" data-effect=\"effect18\"><a  href=\"https:\/\/www.jigsawexplorer.com\/online-jigsaw-puzzle-player.html?url=aHR0cDovL21hZ2plci5nc2tvcy5oci93cC1jb250ZW50L3VwbG9hZHMvMjAxNC8wNi9LbHViLWhydmF0c2tpaC1rbmppemV2bmlrYS0zNS5qcGc~&#038;cred=S0x1YiBocnZhdHNraWgga25qacW-ZXZuaWthIGkgdW1qZXRuaWth\" title=\"R.F. Magjer - fotografija\" ><div class=\"img\"><div class=\"mpc-image-box\" style=\"background-image: url(https:\/\/www.gskos.unios.hr\/wp-content\/uploads\/2021\/02\/slag4.jpg);\"><\/div><\/div><div class=\"info\"><div class=\"info-wrap\"><div class=\"mpc-ihover-divider-wrap\"><div class=\"mpc-ihover-divider\"><\/div><\/div><div class=\"mpc-ihover-content mpc-typography--mpc_preset_103\"><p style=\"text-align: center;\"><span class=\"title-label\">R.F. Magjer &#8211; fotografija<\/span><\/p>\n<\/div><\/div><\/div><\/a><\/div><div class=\"mpc-ihover-item ih-item circle effect18  right_to_left\" data-effect=\"effect18\"><a  href=\"https:\/\/www.jigsawexplorer.com\/online-jigsaw-puzzle-player.html?url=aHR0cDovL21hZ2plci5nc2tvcy5oci93cC1jb250ZW50L3VwbG9hZHMvMjAxNC8wNi9LbHViLWhydmF0c2tpaC1rbmppemV2bmlrYS0yOC5qcGc~&#038;cred=TXXFoWthIHXEjWl0ZWxqc2thIMWha29sYSB1IE9zaWpla3U~\" title=\"\" ><div class=\"img\"><div class=\"mpc-image-box\" style=\"background-image: url(https:\/\/www.gskos.unios.hr\/wp-content\/uploads\/2021\/02\/slag5.jpg);\"><\/div><\/div><div class=\"info\"><div class=\"info-wrap\"><div class=\"mpc-ihover-divider-wrap\"><div class=\"mpc-ihover-divider\"><\/div><\/div><div class=\"mpc-ihover-content mpc-typography--mpc_preset_103\"><p style=\"text-align: center;\">Maturanti Kr. mu\u0161ke u\u010diteljske \u0161kole<\/p>\n<\/div><\/div><\/div><\/a><\/div><\/div>[vc_empty_space height=&#8221;50px&#8221;][\/vc_column][\/vc_row]<\/p>\n<\/section>","protected":false},"excerpt":{"rendered":"<p>[vc_row full_width=&#8221;stretch_row&#8221; content_placement=&#8221;bottom&#8221; enable_first_overlay=&#8221;true&#8221; first_overlay_opacity=&#8221;25&#8243; first_background_type=&#8221;gradient&#8221; enable_parallax=&#8221;true&#8221; parallax_background=&#8221;14124&#8243; css=&#8221;.vc_custom_1617703192576{background-position: center !important;background-repeat: no-repeat !important;background-size: cover !important;}&#8221;][vc_column alignment=&#8221;center&#8221;][\/vc_column][\/vc_row][vc_row][vc_column][vc_empty_space height=&#8221;90px&#8221;][vc_empty_space height=&#8221;50px&#8221;][\/vc_column][vc_column][\/vc_column][\/vc_row][vc_row][vc_column][vc_empty_space height=&#8221;50px&#8221;][\/vc_column][\/vc_row][vc_row][vc_column][vc_empty_space height=&#8221;21px&#8221;][vc_empty_space height=&#8221;50px&#8221;][\/vc_column][\/vc_row]<\/p>\n","protected":false},"author":14,"featured_media":0,"parent":0,"menu_order":0,"comment_status":"closed","ping_status":"closed","template":"","meta":{"_mi_skip_tracking":false},"_links":{"self":[{"href":"https:\/\/www.gskos.unios.hr\/index.php\/wp-json\/wp\/v2\/pages\/14123"}],"collection":[{"href":"https:\/\/www.gskos.unios.hr\/index.php\/wp-json\/wp\/v2\/pages"}],"about":[{"href":"https:\/\/www.gskos.unios.hr\/index.php\/wp-json\/wp\/v2\/types\/page"}],"author":[{"embeddable":true,"href":"https:\/\/www.gskos.unios.hr\/index.php\/wp-json\/wp\/v2\/users\/14"}],"replies":[{"embeddable":true,"href":"https:\/\/www.gskos.unios.hr\/index.php\/wp-json\/wp\/v2\/comments?post=14123"}],"version-history":[{"count":3,"href":"https:\/\/www.gskos.unios.hr\/index.php\/wp-json\/wp\/v2\/pages\/14123\/revisions"}],"predecessor-version":[{"id":14128,"href":"https:\/\/www.gskos.unios.hr\/index.php\/wp-json\/wp\/v2\/pages\/14123\/revisions\/14128"}],"wp:attachment":[{"href":"https:\/\/www.gskos.unios.hr\/index.php\/wp-json\/wp\/v2\/media?parent=14123"}],"curies":[{"name":"wp","href":"https:\/\/api.w.org\/{rel}","templated":true}]}}