{"id":15431,"date":"2021-10-25T13:04:29","date_gmt":"2021-10-25T11:04:29","guid":{"rendered":"https:\/\/www.gskos.unios.hr\/?page_id=15431"},"modified":"2021-11-12T10:31:09","modified_gmt":"2021-11-12T09:31:09","slug":"thildin-modni-ormar","status":"publish","type":"page","link":"https:\/\/www.gskos.unios.hr\/index.php\/thildin-modni-ormar\/","title":{"rendered":"THILDIN MODNI ORMAR"},"content":{"rendered":"<section class=\"wpb-content-wrapper\"><p>[vc_row full_width=&#8221;stretch_row&#8221; content_placement=&#8221;bottom&#8221; enable_first_overlay=&#8221;true&#8221; first_overlay_opacity=&#8221;16&#8243; first_background_type=&#8221;gradient&#8221; enable_parallax=&#8221;true&#8221; parallax_background=&#8221;15470&#8243; css=&#8221;.vc_custom_1635235506546{background-position: center !important;background-repeat: no-repeat !important;background-size: cover !important;}&#8221;][vc_column alignment=&#8221;center&#8221;]<div id=\"mpc_textblock-8569d5ea31a60ef\" class=\"mpc-textblock mpc-init mpc-animation \" data-animation-in=\"transition.slideDownBigIn||3250||0||100\"><p style=\"text-align: center;\">THILDIN MODNI ORMAR<\/p>\n<\/div>[\/vc_column][\/vc_row][vc_section][vc_row][vc_column][vc_empty_space height=&#8221;90px&#8221;]<div data-id=\"mpc_divider-8769d5ea31a61c0\" class=\"mpc-divider-wrap\"><div class=\"mpc-divider mpc-init mpc-align--center \" ><div class=\"mpc-divider__line mpc-side--left\"><span><\/span><\/div><div class=\"mpc-divider__separator\"><div class=\"mpc-divider__content fa fa-circle\"><\/div><\/div><div class=\"mpc-divider__line mpc-side--right\"><span><\/span><\/div><\/div><\/div>[vc_empty_space height=&#8221;50px&#8221;][\/vc_column][\/vc_row][\/vc_section][vc_row][vc_column]<div id=\"mpc_textblock-2369d5ea31a61ec\" class=\"mpc-textblock mpc-init \"><p style=\"text-align: justify;\">Bake, a i poneka mama dana\u0161njih djevoj\u010dica u svome su se djetinjstvu rado igrale papirnatim lutkama. Na papiru otisnute dvodimenzionalne lutke za izrezivanje omiljena su zabava ve\u0107 vi\u0161e od dva stolje\u0107a. Prava eksplozija papirnih lutkica po\u010dela je oko 1900. godine pojavom \u017eenskih \u010dasopisa i \u010dasopisa za djecu. Lutke su objavljivane su crno-bijeloj verziji tako da su se mogle prvo obojati, a zatim izrezati i igrati se njima. Nisu bile skupe i bile su dostupne svima. Uz pomo\u0107 papirnih lutaka mnoge su djevoj\u010dice (a vjerujemo i poneki dje\u010dak) u\u010dile o odijevanju u razli\u010ditim prilikama, a mi danas mo\u017eemo pratiti kako su se tijekom godina mijenjali moda i stil.<\/p>\n<p style=\"text-align: justify;\">Zaokupljenost modom Mathilde Hengl potaknula nas je na ideju izrade papirnate lutkice inspirirane Matildinim osobnim fotografijama i modnim ilustracijama u novinama s po\u010detka pro\u0161log stolje\u0107a. Na\u0161u ideju vrlo uspje\u0161no je realizirala <strong>Goranka Stani\u0107<\/strong>, profesorica stru\u010dnih predmeta u \u0160koli primijenjenih umjetnosti i dizajna u Osijeku.<\/p>\n<p style=\"text-align: center;\">&#8212;<\/p>\n<p style=\"text-align: justify;\">Goranka Stani\u0107 ro\u0111ena je u Na\u0161icama. Diplomirala je na Tekstilno-tehnolo\u0161kom fakultetu u Zagrebu, smjer Projektiranje i oblikovanje tekstila i odje\u0107e. Od 1994. godine radi u \u0160koli primijenjenih umjetnosti i dizajna gdje je mentorica mnogim u\u010denicima kod kojih posebno poti\u010de kreativnost, samostalnost, eksperiment i vlastiti napredak.<\/p>\n<\/div>[vc_empty_space height=&#8221;50px&#8221;][\/vc_column][\/vc_row][vc_row][vc_column][vc_separator][\/vc_column][\/vc_row][vc_row][vc_column]<div data-id=\"mpc_ihover-769d5ea31a62b2\" class=\"mpc-ihover-wrapper mpc-init \"><div class=\"mpc-ihover-item ih-item square effect10  top_to_bottom\" data-effect=\"effect10\"><a  href=\"https:\/\/www.gskos.unios.hr\/wp-content\/uploads\/2018\/05\/Thildy-oboji-i-izrezi-1.pdf\" title=\"\" ><div class=\"img\"><div class=\"mpc-image-box\" style=\"background-image: url(https:\/\/www.gskos.unios.hr\/wp-content\/uploads\/2018\/05\/ThildinMO1.png);\"><\/div><\/div><div class=\"info\"><div class=\"info-wrap\"><h3 class=\"mpc-ihover-title\"><\/h3><div class=\"mpc-ihover-divider-wrap\"><div class=\"mpc-ihover-divider\"><\/div><\/div><div class=\"mpc-ihover-content\"><p style=\"text-align: center;\">THILDY &#8211; OBOJI I IZRE\u017dI<\/p>\n<p style=\"text-align: center;\">[download .pdf]<\/p>\n<\/div><\/div><\/div><\/a><\/div><div class=\"mpc-ihover-item ih-item square effect10  top_to_bottom\" data-effect=\"effect10\"><a  href=\"https:\/\/www.gskos.unios.hr\/wp-content\/uploads\/2018\/05\/Thildy-oboji-i-izrezi-2.pdf\" title=\"\" ><div class=\"img\"><div class=\"mpc-image-box\" style=\"background-image: url(https:\/\/www.gskos.unios.hr\/wp-content\/uploads\/2018\/05\/ThildinMO3.png);\"><\/div><\/div><div class=\"info\"><div class=\"info-wrap\"><h3 class=\"mpc-ihover-title\"><\/h3><div class=\"mpc-ihover-divider-wrap\"><div class=\"mpc-ihover-divider\"><\/div><\/div><div class=\"mpc-ihover-content\"><p style=\"text-align: center;\">THILDY &#8211; OBOJI I IZRE\u017dI<\/p>\n<p style=\"text-align: center;\">[download .pdf]<\/p>\n<\/div><\/div><\/div><\/a><\/div><div class=\"mpc-ihover-item ih-item square effect10  top_to_bottom\" data-effect=\"effect10\"><a  href=\"https:\/\/www.gskos.unios.hr\/wp-content\/uploads\/2018\/05\/Thildy-oboji-i-izrezi-3.pdf\" title=\"\" ><div class=\"img\"><div class=\"mpc-image-box\" style=\"background-image: url(https:\/\/www.gskos.unios.hr\/wp-content\/uploads\/2018\/05\/ThildinMO22.png);\"><\/div><\/div><div class=\"info\"><div class=\"info-wrap\"><h3 class=\"mpc-ihover-title\"><\/h3><div class=\"mpc-ihover-divider-wrap\"><div class=\"mpc-ihover-divider\"><\/div><\/div><div class=\"mpc-ihover-content\"><p style=\"text-align: center;\">THILDY &#8211; OBOJI I IZRE\u017dI<\/p>\n<p style=\"text-align: center;\">[download .pdf]<\/p>\n<\/div><\/div><\/div><\/a><\/div><\/div>[vc_empty_space height=&#8221;50px&#8221;][\/vc_column][\/vc_row][vc_row][vc_column][vc_separator][\/vc_column][\/vc_row][vc_row][vc_column]<div data-id=\"mpc_ihover-7769d5ea31a6f04\" class=\"mpc-ihover-wrapper mpc-init \"><div class=\"mpc-ihover-item ih-item square effect10  top_to_bottom\" data-effect=\"effect10\"><a  href=\"https:\/\/www.gskos.unios.hr\/wp-content\/uploads\/2018\/05\/Thildy_1.pdf\" title=\"\" ><div class=\"img\"><div class=\"mpc-image-box\" style=\"background-image: url(https:\/\/www.gskos.unios.hr\/wp-content\/uploads\/2021\/10\/ThildinMO4.png);\"><\/div><\/div><div class=\"info\"><div class=\"info-wrap\"><h3 class=\"mpc-ihover-title\"><\/h3><div class=\"mpc-ihover-divider-wrap\"><div class=\"mpc-ihover-divider\"><\/div><\/div><div class=\"mpc-ihover-content\"><p style=\"text-align: center;\">THILDY &#8211; IZRE\u017dI I ODIJENI PAPIRNATU LUTKICU<\/p>\n<p style=\"text-align: center;\">[download .pdf]<\/p>\n<\/div><\/div><\/div><\/a><\/div><div class=\"mpc-ihover-item ih-item square effect10  top_to_bottom\" data-effect=\"effect10\"><a  href=\"https:\/\/www.gskos.unios.hr\/wp-content\/uploads\/2018\/05\/Thildy_2.pdf\" title=\"\" ><div class=\"img\"><div class=\"mpc-image-box\" style=\"background-image: url(https:\/\/www.gskos.unios.hr\/wp-content\/uploads\/2021\/10\/ThildinMO6.png);\"><\/div><\/div><div class=\"info\"><div class=\"info-wrap\"><h3 class=\"mpc-ihover-title\"><\/h3><div class=\"mpc-ihover-divider-wrap\"><div class=\"mpc-ihover-divider\"><\/div><\/div><div class=\"mpc-ihover-content\"><p style=\"text-align: center;\">THILDY &#8211; IZRE\u017dI I ODIJENI PAPIRNATU LUTKICU<\/p>\n<p style=\"text-align: center;\">[download .pdf]<\/p>\n<\/div><\/div><\/div><\/a><\/div><div class=\"mpc-ihover-item ih-item square effect10  top_to_bottom\" data-effect=\"effect10\"><a  href=\"https:\/\/www.gskos.unios.hr\/wp-content\/uploads\/2018\/05\/Thildy_3.pdf\" title=\"\" ><div class=\"img\"><div class=\"mpc-image-box\" style=\"background-image: url(https:\/\/www.gskos.unios.hr\/wp-content\/uploads\/2021\/10\/ThildinMO5.png);\"><\/div><\/div><div class=\"info\"><div class=\"info-wrap\"><h3 class=\"mpc-ihover-title\"><\/h3><div class=\"mpc-ihover-divider-wrap\"><div class=\"mpc-ihover-divider\"><\/div><\/div><div class=\"mpc-ihover-content\"><p style=\"text-align: center;\">THILDY &#8211; IZRE\u017dI I ODIJENI PAPIRNATU LUTKICU<\/p>\n<p style=\"text-align: center;\">[download .pdf]<\/p>\n<\/div><\/div><\/div><\/a><\/div><\/div>[vc_empty_space height=&#8221;50px&#8221;][\/vc_column][\/vc_row][vc_row][vc_column][vc_separator][\/vc_column][\/vc_row]<\/p>\n<\/section>","protected":false},"excerpt":{"rendered":"<p>[vc_row full_width=&#8221;stretch_row&#8221; content_placement=&#8221;bottom&#8221; enable_first_overlay=&#8221;true&#8221; first_overlay_opacity=&#8221;16&#8243; first_background_type=&#8221;gradient&#8221; enable_parallax=&#8221;true&#8221; parallax_background=&#8221;15470&#8243; css=&#8221;.vc_custom_1635235506546{background-position: center !important;background-repeat: no-repeat !important;background-size: cover !important;}&#8221;][vc_column alignment=&#8221;center&#8221;][\/vc_column][\/vc_row][vc_section][vc_row][vc_column][vc_empty_space height=&#8221;90px&#8221;][vc_empty_space height=&#8221;50px&#8221;][\/vc_column][\/vc_row][\/vc_section][vc_row][vc_column][vc_empty_space height=&#8221;50px&#8221;][\/vc_column][\/vc_row][vc_row][vc_column][vc_separator][\/vc_column][\/vc_row][vc_row][vc_column][vc_empty_space height=&#8221;50px&#8221;][\/vc_column][\/vc_row][vc_row][vc_column][vc_separator][\/vc_column][\/vc_row][vc_row][vc_column][vc_empty_space height=&#8221;50px&#8221;][\/vc_column][\/vc_row][vc_row][vc_column][vc_separator][\/vc_column][\/vc_row]<\/p>\n","protected":false},"author":12,"featured_media":0,"parent":0,"menu_order":0,"comment_status":"closed","ping_status":"closed","template":"","meta":{"_mi_skip_tracking":false},"_links":{"self":[{"href":"https:\/\/www.gskos.unios.hr\/index.php\/wp-json\/wp\/v2\/pages\/15431"}],"collection":[{"href":"https:\/\/www.gskos.unios.hr\/index.php\/wp-json\/wp\/v2\/pages"}],"about":[{"href":"https:\/\/www.gskos.unios.hr\/index.php\/wp-json\/wp\/v2\/types\/page"}],"author":[{"embeddable":true,"href":"https:\/\/www.gskos.unios.hr\/index.php\/wp-json\/wp\/v2\/users\/12"}],"replies":[{"embeddable":true,"href":"https:\/\/www.gskos.unios.hr\/index.php\/wp-json\/wp\/v2\/comments?post=15431"}],"version-history":[{"count":20,"href":"https:\/\/www.gskos.unios.hr\/index.php\/wp-json\/wp\/v2\/pages\/15431\/revisions"}],"predecessor-version":[{"id":15551,"href":"https:\/\/www.gskos.unios.hr\/index.php\/wp-json\/wp\/v2\/pages\/15431\/revisions\/15551"}],"wp:attachment":[{"href":"https:\/\/www.gskos.unios.hr\/index.php\/wp-json\/wp\/v2\/media?parent=15431"}],"curies":[{"name":"wp","href":"https:\/\/api.w.org\/{rel}","templated":true}]}}