{"id":3335,"date":"2017-03-01T14:49:28","date_gmt":"2017-03-01T13:49:28","guid":{"rendered":"http:\/\/www.gskos.unios.hr\/?page_id=3335"},"modified":"2022-03-01T10:12:44","modified_gmt":"2022-03-01T09:12:44","slug":"katalozi-knjiznica-osjecko-baranjske-zupanije","status":"publish","type":"page","link":"https:\/\/www.gskos.unios.hr\/index.php\/katalozi-knjiznica-osjecko-baranjske-zupanije\/","title":{"rendered":"Katalozi knji\u017enica Osje\u010dko-baranjske \u017eupanije"},"content":{"rendered":"<section class=\"wpb-content-wrapper\"><p>[vc_row full_width=&#8221;stretch_row&#8221; content_placement=&#8221;bottom&#8221; enable_first_overlay=&#8221;true&#8221; first_overlay_opacity=&#8221;25&#8243; first_background_type=&#8221;gradient&#8221; enable_parallax=&#8221;true&#8221; parallax_background=&#8221;3336&#8243; parallax_style=&#8221;fixed&#8221; css=&#8221;.vc_custom_1509304994299{background-position: center !important;background-repeat: no-repeat !important;background-size: cover !important;}&#8221;][vc_column alignment=&#8221;center&#8221;]<div id=\"mpc_textblock-5769f5a0bf9f9a9\" class=\"mpc-textblock mpc-init mpc-typography--preset_0 mpc-animation \" data-animation-in=\"transition.slideDownBigIn||3250||0||100\"><p style=\"text-align: center;\">KATALOZI KNJI\u017dNICA<\/p>\n<\/div>[\/vc_column][\/vc_row][vc_section][vc_row][vc_column][vc_empty_space height=&#8221;50px&#8221;]<div data-id=\"mpc_divider-7269f5a0bf9fa80\" class=\"mpc-divider-wrap\"><div class=\"mpc-divider mpc-init mpc-align--center \" ><div class=\"mpc-divider__line mpc-side--left\"><span><\/span><\/div><div class=\"mpc-divider__separator\"><div class=\"mpc-divider__content mpc-typography--mpc_preset_103\">Skupni katalog knji\u017enica Osje\u010dko-baranjske \u017eupanije<\/div><\/div><div class=\"mpc-divider__line mpc-side--right\"><span><\/span><\/div><\/div><\/div>[vc_empty_space height=&#8221;50px&#8221;]<div data-id=\"mpc_ihover-2069f5a0bf9faf2\" class=\"mpc-ihover-wrapper mpc-init \"><div class=\"mpc-ihover-item ih-item circle effect18  left_to_right\" data-effect=\"effect18\"><a  href=\"http:\/\/baza.gskos.hr\/ucat\/search.html\" target=\"_blank\" title=\"\" ><div class=\"img\"><div class=\"mpc-image-box\" style=\"background-image: url(https:\/\/www.gskos.unios.hr\/wp-content\/uploads\/2017\/03\/obz02.jpg);\"><\/div><\/div><div class=\"info\"><div class=\"info-wrap\"><div class=\"mpc-ihover-content mpc-typography--mpc_preset_103\"><p style=\"text-align: center;\">Skupni katalog knji\u017enica Osje\u010dko-baranjske \u017eupanije<\/p>\n<\/div><\/div><\/div><\/a><\/div><\/div>[vc_empty_space height=&#8221;50px&#8221;][\/vc_column][\/vc_row][\/vc_section][vc_section][vc_row][vc_column][vc_empty_space height=&#8221;50px&#8221;]<div data-id=\"mpc_divider-2069f5a0bf9feb7\" class=\"mpc-divider-wrap\"><div class=\"mpc-divider mpc-init mpc-align--center \" ><div class=\"mpc-divider__line mpc-side--left\"><span><\/span><\/div><div class=\"mpc-divider__separator\"><div class=\"mpc-divider__content mpc-typography--mpc_preset_103\">OSTALI KATALOZI<\/div><\/div><div class=\"mpc-divider__line mpc-side--right\"><span><\/span><\/div><\/div><\/div>[vc_empty_space height=&#8221;50px&#8221;]<div id=\"mpc_grid_anything-3469f5a0bf9fef1\" class=\"mpc-grid-anything mpc-init \"  data-grid-cols=\"3\">[vc_column_text]<\/p>\n<p style=\"text-align: center;\"><strong>Katalog Narodne knji\u017enice<br \/>\n\u010cepin<\/strong><\/p>\n<p>[\/vc_column_text][vc_column_text]<\/p>\n<p style=\"text-align: center;\"><strong>Katalog knji\u017enice Filozofskog fakulteta u Osijeku<\/strong><\/p>\n<p>[\/vc_column_text][vc_column_text]<\/p>\n<p style=\"text-align: center;\"><strong>\u00a0Katalog knji\u017enice Fakulteta agrobiotehnickih znanosti Osijek<\/strong><\/p>\n<p>[\/vc_column_text]<div data-id=\"mpc_ihover-2969f5a0bfa0008\" class=\"mpc-ihover-wrapper mpc-init \"><div class=\"mpc-ihover-item ih-item circle effect18  right_to_left\" data-effect=\"effect18\"><a  href=\"http:\/\/161.53.208.100\/lb02\/search.html\" target=\"_blank\" title=\"\" ><div class=\"img\"><div class=\"mpc-image-box\" style=\"background-image: url(https:\/\/www.gskos.unios.hr\/wp-content\/uploads\/2017\/03\/cepinae-1.jpg);\"><\/div><\/div><div class=\"info\"><div class=\"info-wrap\"><div class=\"mpc-ihover-content mpc-typography--mpc_preset_103\"><p style=\"text-align: center;\">Katalog Narodne knji\u017enice \u010cepin<\/p>\n<\/div><\/div><\/div><\/a><\/div><\/div><div data-id=\"mpc_ihover-8269f5a0bfa031f\" class=\"mpc-ihover-wrapper mpc-init \"><div class=\"mpc-ihover-item ih-item circle effect18  right_to_left\" data-effect=\"effect18\"><a  href=\"http:\/\/161.53.208.119\/cgi-bin\/wero.cgi\" target=\"_blank\" title=\"\" ><div class=\"img\"><div class=\"mpc-image-box\" style=\"background-image: url(https:\/\/www.gskos.unios.hr\/wp-content\/uploads\/2021\/03\/ffos.jpg);\"><\/div><\/div><div class=\"info\"><div class=\"info-wrap\"><div class=\"mpc-ihover-content mpc-typography--mpc_preset_103\"><p style=\"text-align: center;\"><span style=\"font-family: Arial; font-size: medium;\">Katalog knji\u017enice Filozofskog fakulteta u Osijeku<\/span><\/p>\n<\/div><\/div><\/div><\/a><\/div><\/div><div data-id=\"mpc_ihover-9869f5a0bfa063e\" class=\"mpc-ihover-wrapper mpc-init \"><div class=\"mpc-ihover-item ih-item circle effect18  right_to_left\" data-effect=\"effect18\"><a  href=\"http:\/\/161.53.208.100\/lb03\/search.html\" target=\"_blank\" title=\"\" ><div class=\"img\"><div class=\"mpc-image-box\" style=\"background-image: url(https:\/\/www.gskos.unios.hr\/wp-content\/uploads\/2021\/03\/agrob.jpg);\"><\/div><\/div><div class=\"info\"><div class=\"info-wrap\"><div class=\"mpc-ihover-content mpc-typography--mpc_preset_103\"><p style=\"text-align: center;\"><strong>\u00a0Katalog knji\u017enice Fakulteta agrobiotehnickih znanosti Osijek<\/strong><\/p>\n<\/div><\/div><\/div><\/a><\/div><\/div><\/div>[vc_empty_space height=&#8221;70px&#8221;]<div id=\"mpc_grid_anything-4369f5a0bfa0985\" class=\"mpc-grid-anything mpc-init \"  data-grid-cols=\"3\">[vc_column_text]<\/p>\n<p style=\"text-align: center;\"><strong>Katalog knji\u017enice Gra\u0111evinskog i arhitektonskog fakulteta Osijek<br \/>\n<\/strong><\/p>\n<p>[\/vc_column_text][vc_column_text]<\/p>\n<p style=\"text-align: center;\"><strong>Katalog knji\u017enice Ekonomskog fakulteta Osijek<\/strong><\/p>\n<p>[\/vc_column_text][vc_column_text]<\/p>\n<p style=\"text-align: center;\"><strong>Katalog Gradske i sveu\u010dili\u0161ne knji\u017enice Osijek<\/strong><\/p>\n<p>[\/vc_column_text]<div data-id=\"mpc_ihover-1969f5a0bfa0a30\" class=\"mpc-ihover-wrapper mpc-init \"><div class=\"mpc-ihover-item ih-item circle effect18  right_to_left\" data-effect=\"effect18\"><a  href=\"http:\/\/161.53.208.100\/lb04\/search.html\" target=\"_blank\" title=\"\" ><div class=\"img\"><div class=\"mpc-image-box\" style=\"background-image: url(https:\/\/www.gskos.unios.hr\/wp-content\/uploads\/2021\/03\/grad.jpg);\"><\/div><\/div><div class=\"info\"><div class=\"info-wrap\"><div class=\"mpc-ihover-content mpc-typography--mpc_preset_103\"><p style=\"text-align: center;\"><strong>Katalog knji\u017enice Gra\u0111evinskog i arhitektonskog fakulteta Osijek<\/strong><\/p>\n<\/div><\/div><\/div><\/a><\/div><\/div><div data-id=\"mpc_ihover-5369f5a0bfa0dc1\" class=\"mpc-ihover-wrapper mpc-init \"><div class=\"mpc-ihover-item ih-item circle effect18  right_to_left\" data-effect=\"effect18\"><a  href=\"http:\/\/161.53.208.100\/lb06\/search.html\" target=\"_blank\" title=\"\" ><div class=\"img\"><div class=\"mpc-image-box\" style=\"background-image: url(https:\/\/www.gskos.unios.hr\/wp-content\/uploads\/2017\/03\/efosae.jpg);\"><\/div><\/div><div class=\"info\"><div class=\"info-wrap\"><div class=\"mpc-ihover-content mpc-typography--mpc_preset_103\"><p style=\"text-align: center;\">Katalog knji\u017enice Ekonomskog fakulteta Osijek<\/p>\n<\/div><\/div><\/div><\/a><\/div><\/div><div data-id=\"mpc_ihover-7269f5a0bfa10e7\" class=\"mpc-ihover-wrapper mpc-init \"><div class=\"mpc-ihover-item ih-item circle effect18  right_to_left\" data-effect=\"effect18\"><a  href=\"http:\/\/161.53.208.100\/anew\/search.html\" target=\"_blank\" title=\"\" ><div class=\"img\"><div class=\"mpc-image-box\" style=\"background-image: url(https:\/\/www.gskos.unios.hr\/wp-content\/uploads\/2017\/03\/giskoae-1.jpg);\"><\/div><\/div><div class=\"info\"><div class=\"info-wrap\"><div class=\"mpc-ihover-content mpc-typography--mpc_preset_103\"><p style=\"text-align: center;\">Katalog Gradske i sveu\u010dili\u0161ne knji\u017enice Osijek<\/p>\n<\/div><\/div><\/div><\/a><\/div><\/div><\/div>[vc_empty_space height=&#8221;70px&#8221;]<div id=\"mpc_grid_anything-1769f5a0bfa1416\" class=\"mpc-grid-anything mpc-init \"  data-grid-cols=\"3\">[vc_column_text]<\/p>\n<p style=\"text-align: center;\"><strong>Katalog knji\u017enice Prehrambeno-tehnolo\u0161kog fakulteta u Osijeku<\/strong><\/p>\n<p>[\/vc_column_text][vc_column_text]<\/p>\n<p style=\"text-align: center;\"><strong>Katalog Sredi\u0161nje nadbiskupije i fakultetske knji\u017enice u \u0110akovu<\/strong><\/p>\n<p>[\/vc_column_text][vc_column_text]<\/p>\n<p style=\"text-align: center;\"><strong>Katalog knji\u017enice Veleu\u010dili\u0161ta Lavoslav Ru\u017ei\u010dka u Vukovaru<\/strong><\/p>\n<p>[\/vc_column_text]<div data-id=\"mpc_ihover-1569f5a0bfa14c1\" class=\"mpc-ihover-wrapper mpc-init \"><div class=\"mpc-ihover-item ih-item circle effect18  right_to_left\" data-effect=\"effect18\"><a  href=\"http:\/\/161.53.208.100\/lb10\/search.html\" target=\"_blank\" title=\"\" ><div class=\"img\"><div class=\"mpc-image-box\" style=\"background-image: url(https:\/\/www.gskos.unios.hr\/wp-content\/uploads\/2017\/03\/ptfosae-1.jpg);\"><\/div><\/div><div class=\"info\"><div class=\"info-wrap\"><div class=\"mpc-ihover-content mpc-typography--mpc_preset_103\"><p style=\"text-align: center;\">Katalog knji\u017enice Prehrambeno-tehnolo\u0161kog fakulteta u Osijeku<\/p>\n<\/div><\/div><\/div><\/a><\/div><\/div><div data-id=\"mpc_ihover-3969f5a0bfa17b4\" class=\"mpc-ihover-wrapper mpc-init \"><div class=\"mpc-ihover-item ih-item circle effect18  right_to_left\" data-effect=\"effect18\"><a  href=\"http:\/\/161.53.208.100\/lb08\/search.html\" target=\"_blank\" title=\"\" ><div class=\"img\"><div class=\"mpc-image-box\" style=\"background-image: url(https:\/\/www.gskos.unios.hr\/wp-content\/uploads\/2017\/03\/kbfae-1.jpg);\"><\/div><\/div><div class=\"info\"><div class=\"info-wrap\"><div class=\"mpc-ihover-content mpc-typography--mpc_preset_103\"><p style=\"text-align: center;\"><strong>Katalog Sredi\u0161nje nadbiskupije i fakultetske knji\u017enice u \u0110akovu<\/strong><\/p>\n<\/div><\/div><\/div><\/a><\/div><\/div><div data-id=\"mpc_ihover-9969f5a0bfa1b30\" class=\"mpc-ihover-wrapper mpc-init \"><div class=\"mpc-ihover-item ih-item circle effect18  right_to_left\" data-effect=\"effect18\"><a  href=\"http:\/\/161.53.208.100\/lb07\/search.html\" target=\"_blank\" title=\"\" ><div class=\"img\"><div class=\"mpc-image-box\" style=\"background-image: url(https:\/\/www.gskos.unios.hr\/wp-content\/uploads\/2017\/03\/vevuae-1.jpg);\"><\/div><\/div><div class=\"info\"><div class=\"info-wrap\"><div class=\"mpc-ihover-content mpc-typography--mpc_preset_103\"><p style=\"text-align: center;\"><strong>Katalog knji\u017enice Veleu\u010dili\u0161ta Lavoslav Ru\u017ei\u010dka u Vukovaru<\/strong><\/p>\n<\/div><\/div><\/div><\/a><\/div><\/div><\/div>[vc_empty_space height=&#8221;70px&#8221;][vc_column_text]<\/p>\n<p style=\"text-align: center;\"><strong>Knjiznica Akademije za umjetnost i kulturu u Osijeku<\/strong><\/p>\n<p>[\/vc_column_text]<div data-id=\"mpc_ihover-7969f5a0bfa1eb6\" class=\"mpc-ihover-wrapper mpc-init \"><div class=\"mpc-ihover-item ih-item circle effect18  right_to_left\" data-effect=\"effect18\"><a  href=\"https:\/\/library.foi.hr\/lib\/index.php?B=1448\" target=\"_blank\" title=\"\" ><div class=\"img\"><div class=\"mpc-image-box\" style=\"background-image: url(https:\/\/www.gskos.unios.hr\/wp-content\/uploads\/2021\/03\/akad.jpg);\"><\/div><\/div><div class=\"info\"><div class=\"info-wrap\"><div class=\"mpc-ihover-content mpc-typography--mpc_preset_103\"><p style=\"text-align: center;\"><strong>Knjiznica Akademije za umjetnost i kulturu u Osijeku<\/strong><\/p>\n<\/div><\/div><\/div><\/a><\/div><\/div>[vc_empty_space height=&#8221;70px&#8221;][\/vc_column][\/vc_row][\/vc_section]<\/p>\n<\/section>","protected":false},"excerpt":{"rendered":"<p>[vc_row full_width=&#8221;stretch_row&#8221; content_placement=&#8221;bottom&#8221; enable_first_overlay=&#8221;true&#8221; first_overlay_opacity=&#8221;25&#8243; first_background_type=&#8221;gradient&#8221; enable_parallax=&#8221;true&#8221; parallax_background=&#8221;3336&#8243; parallax_style=&#8221;fixed&#8221; css=&#8221;.vc_custom_1509304994299{background-position: center !important;background-repeat: no-repeat !important;background-size: cover !important;}&#8221;][vc_column alignment=&#8221;center&#8221;][\/vc_column][\/vc_row][vc_section][vc_row][vc_column][vc_empty_space height=&#8221;50px&#8221;][vc_empty_space height=&#8221;50px&#8221;][vc_empty_space height=&#8221;50px&#8221;][\/vc_column][\/vc_row][\/vc_section][vc_section][vc_row][vc_column][vc_empty_space height=&#8221;50px&#8221;][vc_empty_space height=&#8221;50px&#8221;][vc_empty_space height=&#8221;70px&#8221;][vc_empty_space height=&#8221;70px&#8221;][vc_empty_space height=&#8221;70px&#8221;][vc_column_text] Knjiznica Akademije za umjetnost i kulturu u Osijeku [\/vc_column_text][vc_empty_space height=&#8221;70px&#8221;][\/vc_column][\/vc_row][\/vc_section]<\/p>\n","protected":false},"author":3,"featured_media":3336,"parent":0,"menu_order":0,"comment_status":"closed","ping_status":"closed","template":"","meta":{"_mi_skip_tracking":false},"_links":{"self":[{"href":"https:\/\/www.gskos.unios.hr\/index.php\/wp-json\/wp\/v2\/pages\/3335"}],"collection":[{"href":"https:\/\/www.gskos.unios.hr\/index.php\/wp-json\/wp\/v2\/pages"}],"about":[{"href":"https:\/\/www.gskos.unios.hr\/index.php\/wp-json\/wp\/v2\/types\/page"}],"author":[{"embeddable":true,"href":"https:\/\/www.gskos.unios.hr\/index.php\/wp-json\/wp\/v2\/users\/3"}],"replies":[{"embeddable":true,"href":"https:\/\/www.gskos.unios.hr\/index.php\/wp-json\/wp\/v2\/comments?post=3335"}],"version-history":[{"count":44,"href":"https:\/\/www.gskos.unios.hr\/index.php\/wp-json\/wp\/v2\/pages\/3335\/revisions"}],"predecessor-version":[{"id":16090,"href":"https:\/\/www.gskos.unios.hr\/index.php\/wp-json\/wp\/v2\/pages\/3335\/revisions\/16090"}],"wp:featuredmedia":[{"embeddable":true,"href":"https:\/\/www.gskos.unios.hr\/index.php\/wp-json\/wp\/v2\/media\/3336"}],"wp:attachment":[{"href":"https:\/\/www.gskos.unios.hr\/index.php\/wp-json\/wp\/v2\/media?parent=3335"}],"curies":[{"name":"wp","href":"https:\/\/api.w.org\/{rel}","templated":true}]}}