{"id":4377,"date":"2017-03-23T18:55:25","date_gmt":"2017-03-23T17:55:25","guid":{"rendered":"http:\/\/www.gskos.unios.hr\/?page_id=4377"},"modified":"2025-02-13T12:14:51","modified_gmt":"2025-02-13T11:14:51","slug":"uprava","status":"publish","type":"page","link":"https:\/\/www.gskos.unios.hr\/index.php\/uprava\/","title":{"rendered":"UPRAVA"},"content":{"rendered":"<section class=\"wpb-content-wrapper\"><p>[vc_row full_width=&#8221;stretch_row&#8221; content_placement=&#8221;bottom&#8221; enable_first_overlay=&#8221;true&#8221; first_overlay_opacity=&#8221;25&#8243; first_background_type=&#8221;gradient&#8221; enable_parallax=&#8221;true&#8221; parallax_background=&#8221;4381&#8243; parallax_style=&#8221;fixed&#8221; css=&#8221;.vc_custom_1509303768164{background-position: center !important;background-repeat: no-repeat !important;background-size: cover !important;}&#8221;][vc_column alignment=&#8221;center&#8221;]<div id=\"mpc_textblock-5569f6144706bec\" class=\"mpc-textblock mpc-init mpc-typography--preset_0 mpc-animation \" data-animation-in=\"transition.slideDownBigIn||3250||0||100\"><p style=\"text-align: center;\">UPRAVA<\/p>\n<\/div>[\/vc_column][\/vc_row][vc_row][vc_column][vc_empty_space height=&#8221;50px&#8221;]<div data-id=\"mpc_divider-7869f6144706cad\" class=\"mpc-divider-wrap\"><div class=\"mpc-divider mpc-init mpc-align--center \" ><div class=\"mpc-divider__line mpc-side--left\"><span><\/span><\/div><div class=\"mpc-divider__separator\"><div class=\"mpc-divider__content mpc-typography--mpc_preset_103\">Ured ravnatelja<\/div><\/div><div class=\"mpc-divider__line mpc-side--right\"><span><\/span><\/div><\/div><\/div>[vc_empty_space height=&#8221;30px&#8221;]<div id=\"mpc_grid_anything-369f6144706ceb\" class=\"mpc-grid-anything mpc-init \"  data-grid-cols=\"3\"><div data-id=\"mpc_icon_column-6969f6144706e09\" class=\"mpc-icon-column mpc-init mpc-parent-hover mpc-transition mpc-icon-column--style_1 mpc-align--center \" ><div data-id=\"mpc_icon-7269f6144706e56\" class=\"mpc-icon mpc-init mpc-transition mpc-effect-slide-up mpc-icon-hover \"><div class=\"mpc-icon-wrap\"><i class=\"mpc-icon-part mpc-regular mpc-transition  etl etl-map\"><\/i><i class=\"mpc-icon-part mpc-hover mpc-transition  etl etl-map\"><\/i><\/div><\/div><div class=\"mpc-icon-column__content-wrap\"><div class=\"mpc-icon-column__content\"><h3 class=\"mpc-icon-column__heading mpc-typography--mpc_preset_103 mpc-transition\">ADRESA<\/h3><div class=\"mpc-icon-column__description mpc-typography--mpc_preset_103 mpc-transition\"><p style=\"text-align: center;\">Europska avenija 24<br \/>\n31000 Osijek<\/p>\n<\/div><\/div><\/div><\/div><div data-id=\"mpc_icon_column-8269f6144706f21\" class=\"mpc-icon-column mpc-init mpc-parent-hover mpc-transition mpc-icon-column--style_1 mpc-align--center \" ><div data-id=\"mpc_icon-4669f6144706f60\" class=\"mpc-icon mpc-init mpc-transition mpc-effect-slide-up mpc-icon-hover \"><div class=\"mpc-icon-wrap\"><i class=\"mpc-icon-part mpc-regular mpc-transition  fa fa-phone\"><\/i><i class=\"mpc-icon-part mpc-hover mpc-transition  fa fa-phone\"><\/i><\/div><\/div><div class=\"mpc-icon-column__content-wrap\"><div class=\"mpc-icon-column__content\"><h3 class=\"mpc-icon-column__heading mpc-typography--mpc_preset_103 mpc-transition\">TELEFON<\/h3><div class=\"mpc-icon-column__description mpc-typography--mpc_preset_103 mpc-transition\"><p style=\"text-align: center;\">+385 (0)31 211 218 (lokal 101)<\/p>\n<\/div><\/div><\/div><\/div><div data-id=\"mpc_icon_column-4169f614470701a\" class=\"mpc-icon-column mpc-init mpc-parent-hover mpc-transition mpc-icon-column--style_1 mpc-align--center \" ><div data-id=\"mpc_icon-6069f6144707056\" class=\"mpc-icon mpc-init mpc-transition mpc-effect-slide-up mpc-icon-hover \"><div class=\"mpc-icon-wrap\"><i class=\"mpc-icon-part mpc-regular mpc-transition  fa fa-fax\"><\/i><i class=\"mpc-icon-part mpc-hover mpc-transition  fa fa-fax\"><\/i><\/div><\/div><div class=\"mpc-icon-column__content-wrap\"><div class=\"mpc-icon-column__content\"><h3 class=\"mpc-icon-column__heading mpc-typography--mpc_preset_103 mpc-transition\">FAX<\/h3><div class=\"mpc-icon-column__description mpc-typography--mpc_preset_103 mpc-transition\"><p style=\"text-align: center;\">+385 (0)31 211 218 (lokal 201)<\/p>\n<\/div><\/div><\/div><\/div><\/div>[vc_empty_space height=&#8221;50px&#8221;]<div id=\"mpc_grid_anything-7869f61447070ef\" class=\"mpc-grid-anything mpc-init \"  data-grid-cols=\"4\"><div data-id=\"mpc_icon_column-4869f61447071a7\" class=\"mpc-icon-column mpc-init mpc-parent-hover mpc-transition mpc-icon-column--style_1 mpc-align--center \" ><div data-id=\"mpc_icon-1369f61447071e4\" class=\"mpc-icon mpc-init mpc-transition mpc-effect-slide-up mpc-icon-hover \"><div class=\"mpc-icon-wrap\"><i class=\"mpc-icon-part mpc-regular mpc-transition  fa fa-envelope-o\"><\/i><i class=\"mpc-icon-part mpc-hover mpc-transition  fa fa-envelope-o\"><\/i><\/div><\/div><div class=\"mpc-icon-column__content-wrap\"><div class=\"mpc-icon-column__content\"><h3 class=\"mpc-icon-column__heading mpc-typography--mpc_preset_103 mpc-transition\">E-MAIL<\/h3><div class=\"mpc-icon-column__description mpc-typography--mpc_preset_103 mpc-transition\"><p style=\"text-align: center;\">ured.ravnatelja@gskos.hr<\/p>\n<\/div><\/div><\/div><\/div><div data-id=\"mpc_icon_column-7769f614470729d\" class=\"mpc-icon-column mpc-init mpc-parent-hover mpc-transition mpc-icon-column--style_1 mpc-align--center \" ><div data-id=\"mpc_icon-1169f61447072d6\" class=\"mpc-icon mpc-init mpc-transition mpc-effect-slide-up mpc-icon-hover \"><div class=\"mpc-icon-wrap\"><i class=\"mpc-icon-part mpc-regular mpc-transition  etl etl-profile-male\"><\/i><i class=\"mpc-icon-part mpc-hover mpc-transition  etl etl-profile-male\"><\/i><\/div><\/div><div class=\"mpc-icon-column__content-wrap\"><div class=\"mpc-icon-column__content\"><h3 class=\"mpc-icon-column__heading mpc-typography--mpc_preset_103 mpc-transition\">OSOBA ZA KONTAKT<\/h3><div class=\"mpc-icon-column__description mpc-typography--mpc_preset_103 mpc-transition\"><p style=\"text-align: center;\">Voditeljica Ureda ravnatelja<br \/>\nSandra Mihajlovi\u0107<\/p>\n<\/div><\/div><\/div><\/div><div data-id=\"mpc_icon_column-2469f614470738e\" class=\"mpc-icon-column mpc-init mpc-parent-hover mpc-transition mpc-icon-column--style_1 mpc-align--center \" ><div data-id=\"mpc_icon-4669f61447073c8\" class=\"mpc-icon mpc-init mpc-transition mpc-effect-slide-up mpc-icon-hover \"><div class=\"mpc-icon-wrap\"><i class=\"mpc-icon-part mpc-regular mpc-transition  etl etl-profile-male\"><\/i><i class=\"mpc-icon-part mpc-hover mpc-transition  etl etl-profile-male\"><\/i><\/div><\/div><div class=\"mpc-icon-column__content-wrap\"><div class=\"mpc-icon-column__content\"><h3 class=\"mpc-icon-column__heading mpc-typography--mpc_preset_103 mpc-transition\">RAVNATELJ GISKO<\/h3><div class=\"mpc-icon-column__description mpc-typography--mpc_preset_103 mpc-transition\"><p style=\"text-align: center;\">Ravnateljica<br \/>\nDubravka Pa\u0111en-Farka\u0161, vi\u0161a knji\u017eni\u010darka<\/p>\n<\/div><\/div><\/div><\/div><div data-id=\"mpc_icon_column-9369f614470747e\" class=\"mpc-icon-column mpc-init mpc-parent-hover mpc-transition mpc-icon-column--style_1 mpc-align--center \" ><div data-id=\"mpc_icon-1369f61447074b7\" class=\"mpc-icon mpc-init mpc-transition mpc-effect-slide-up mpc-icon-hover \"><div class=\"mpc-icon-wrap\"><i class=\"mpc-icon-part mpc-regular mpc-transition  etl etl-happy\"><\/i><i class=\"mpc-icon-part mpc-hover mpc-transition  etl etl-happy\"><\/i><\/div><\/div><div class=\"mpc-icon-column__content-wrap\"><div class=\"mpc-icon-column__content\"><h3 class=\"mpc-icon-column__heading mpc-typography--mpc_preset_103 mpc-transition\">RAD S POSLOVNIM SURADNICIMA<\/h3><div class=\"mpc-icon-column__description mpc-typography--mpc_preset_103 mpc-transition\"><p style=\"text-align: center;\"><strong><a href=\"https:\/\/www.gskos.unios.hr\/index.php\/radno-vrijeme-2\/\" target=\"_blank\" rel=\"noopener noreferrer\">Radno vrijeme<\/a><\/strong><\/p>\n<\/div><\/div><\/div><\/div><\/div>[vc_empty_space height=&#8221;50px&#8221;]<div data-id=\"mpc_divider-1269f6144707559\" class=\"mpc-divider-wrap\"><div class=\"mpc-divider mpc-init mpc-align--center \" ><div class=\"mpc-divider__line mpc-side--left\"><span><\/span><\/div><div class=\"mpc-divider__separator\"><div class=\"mpc-divider__content mpc-typography--mpc_preset_103\">Tajni\u0161tvo<\/div><\/div><div class=\"mpc-divider__line mpc-side--right\"><span><\/span><\/div><\/div><\/div>[vc_empty_space height=&#8221;30px&#8221;]<div id=\"mpc_grid_anything-3269f6144707588\" class=\"mpc-grid-anything mpc-init \"  data-grid-cols=\"3\"><div data-id=\"mpc_icon_column-5369f6144707633\" class=\"mpc-icon-column mpc-init mpc-parent-hover mpc-transition mpc-icon-column--style_1 mpc-align--center \" ><div data-id=\"mpc_icon-2269f614470766d\" class=\"mpc-icon mpc-init mpc-transition mpc-effect-slide-up mpc-icon-hover \"><div class=\"mpc-icon-wrap\"><i class=\"mpc-icon-part mpc-regular mpc-transition  etl etl-map\"><\/i><i class=\"mpc-icon-part mpc-hover mpc-transition  etl etl-map\"><\/i><\/div><\/div><div class=\"mpc-icon-column__content-wrap\"><div class=\"mpc-icon-column__content\"><h3 class=\"mpc-icon-column__heading mpc-typography--mpc_preset_103 mpc-transition\">ADRESA<\/h3><div class=\"mpc-icon-column__description mpc-typography--mpc_preset_103 mpc-transition\"><p style=\"text-align: center;\">Europska avenija 24<br \/>\n31000 Osijek<\/p>\n<\/div><\/div><\/div><\/div><div data-id=\"mpc_icon_column-5069f6144707724\" class=\"mpc-icon-column mpc-init mpc-parent-hover mpc-transition mpc-icon-column--style_1 mpc-align--center \" ><div data-id=\"mpc_icon-2469f614470775c\" class=\"mpc-icon mpc-init mpc-transition mpc-effect-slide-up mpc-icon-hover \"><div class=\"mpc-icon-wrap\"><i class=\"mpc-icon-part mpc-regular mpc-transition  fa fa-phone\"><\/i><i class=\"mpc-icon-part mpc-hover mpc-transition  fa fa-phone\"><\/i><\/div><\/div><div class=\"mpc-icon-column__content-wrap\"><div class=\"mpc-icon-column__content\"><h3 class=\"mpc-icon-column__heading mpc-typography--mpc_preset_103 mpc-transition\">TELEFON<\/h3><div class=\"mpc-icon-column__description mpc-typography--mpc_preset_103 mpc-transition\"><p style=\"text-align: center;\">+385 (0)31 211 218 (lokal 116)<\/p>\n<\/div><\/div><\/div><\/div><div data-id=\"mpc_icon_column-5469f614470780e\" class=\"mpc-icon-column mpc-init mpc-parent-hover mpc-transition mpc-icon-column--style_1 mpc-align--center \" ><div data-id=\"mpc_icon-7969f6144707846\" class=\"mpc-icon mpc-init mpc-transition mpc-effect-slide-up mpc-icon-hover \"><div class=\"mpc-icon-wrap\"><i class=\"mpc-icon-part mpc-regular mpc-transition  fa fa-fax\"><\/i><i class=\"mpc-icon-part mpc-hover mpc-transition  fa fa-fax\"><\/i><\/div><\/div><div class=\"mpc-icon-column__content-wrap\"><div class=\"mpc-icon-column__content\"><h3 class=\"mpc-icon-column__heading mpc-typography--mpc_preset_103 mpc-transition\">FAX<\/h3><div class=\"mpc-icon-column__description mpc-typography--mpc_preset_103 mpc-transition\"><p style=\"text-align: center;\">+385 (0)31 211 218 (lokal 201)<\/p>\n<\/div><\/div><\/div><\/div><\/div>[vc_empty_space height=&#8221;50px&#8221;]<div id=\"mpc_grid_anything-669f61447078c9\" class=\"mpc-grid-anything mpc-init \"  data-grid-cols=\"3\"><div data-id=\"mpc_icon_column-1069f6144707974\" class=\"mpc-icon-column mpc-init mpc-parent-hover mpc-transition mpc-icon-column--style_1 mpc-align--center \" ><div data-id=\"mpc_icon-2769f61447079ae\" class=\"mpc-icon mpc-init mpc-transition mpc-effect-slide-up mpc-icon-hover \"><div class=\"mpc-icon-wrap\"><i class=\"mpc-icon-part mpc-regular mpc-transition  fa fa-envelope-o\"><\/i><i class=\"mpc-icon-part mpc-hover mpc-transition  fa fa-envelope-o\"><\/i><\/div><\/div><div class=\"mpc-icon-column__content-wrap\"><div class=\"mpc-icon-column__content\"><h3 class=\"mpc-icon-column__heading mpc-typography--mpc_preset_103 mpc-transition\">E-MAIL<\/h3><div class=\"mpc-icon-column__description mpc-typography--mpc_preset_103 mpc-transition\"><p style=\"text-align: center;\">tajnistvo@gskos.hr<\/p>\n<\/div><\/div><\/div><\/div><div data-id=\"mpc_icon_column-7569f6144707a62\" class=\"mpc-icon-column mpc-init mpc-parent-hover mpc-transition mpc-icon-column--style_1 mpc-align--center \" ><div data-id=\"mpc_icon-5869f6144707a9a\" class=\"mpc-icon mpc-init mpc-transition mpc-effect-slide-up mpc-icon-hover \"><div class=\"mpc-icon-wrap\"><i class=\"mpc-icon-part mpc-regular mpc-transition  etl etl-profile-male\"><\/i><i class=\"mpc-icon-part mpc-hover mpc-transition  etl etl-profile-male\"><\/i><\/div><\/div><div class=\"mpc-icon-column__content-wrap\"><div class=\"mpc-icon-column__content\"><h3 class=\"mpc-icon-column__heading mpc-typography--mpc_preset_103 mpc-transition\">OSOBA ZA KONTAKT<\/h3><div class=\"mpc-icon-column__description mpc-typography--mpc_preset_103 mpc-transition\"><p style=\"text-align: center;\">Voditeljica slu\u017ebe za pravne, stru\u010dne i administrativne poslove\/tajnik<br \/>\nBiserka Pti\u010dar, dipl. iur.<\/p>\n<\/div><\/div><\/div><\/div><div data-id=\"mpc_icon_column-1969f6144707b4e\" class=\"mpc-icon-column mpc-init mpc-parent-hover mpc-transition mpc-icon-column--style_1 mpc-align--center \" ><div data-id=\"mpc_icon-6469f6144707b85\" class=\"mpc-icon mpc-init mpc-transition mpc-effect-slide-up mpc-icon-hover \"><div class=\"mpc-icon-wrap\"><i class=\"mpc-icon-part mpc-regular mpc-transition  etl etl-happy\"><\/i><i class=\"mpc-icon-part mpc-hover mpc-transition  etl etl-happy\"><\/i><\/div><\/div><div class=\"mpc-icon-column__content-wrap\"><div class=\"mpc-icon-column__content\"><h3 class=\"mpc-icon-column__heading mpc-typography--mpc_preset_103 mpc-transition\">RAD S POSLOVNIM SURADNICIMA<\/h3><div class=\"mpc-icon-column__description mpc-typography--mpc_preset_103 mpc-transition\"><p style=\"text-align: center;\">ponedjeljak &#8211; petak: 08.00 &#8211; 15.00<\/p>\n<\/div><\/div><\/div><\/div><\/div>[vc_empty_space height=&#8221;50px&#8221;]<div data-id=\"mpc_divider-1969f6144707c14\" class=\"mpc-divider-wrap\"><div class=\"mpc-divider mpc-init mpc-align--center \" ><div class=\"mpc-divider__line mpc-side--left\"><span><\/span><\/div><div class=\"mpc-divider__separator\"><div class=\"mpc-divider__content mpc-typography--mpc_preset_103\">Ra\u010dunovodstveno-financijska slu\u017eba<\/div><\/div><div class=\"mpc-divider__line mpc-side--right\"><span><\/span><\/div><\/div><\/div>[vc_empty_space height=&#8221;30px&#8221;]<div id=\"mpc_grid_anything-1769f6144707c42\" class=\"mpc-grid-anything mpc-init \"  data-grid-cols=\"3\"><div data-id=\"mpc_icon_column-9869f6144707ceb\" class=\"mpc-icon-column mpc-init mpc-parent-hover mpc-transition mpc-icon-column--style_1 mpc-align--center \" ><div data-id=\"mpc_icon-7069f6144707d24\" class=\"mpc-icon mpc-init mpc-transition mpc-effect-slide-up mpc-icon-hover \"><div class=\"mpc-icon-wrap\"><i class=\"mpc-icon-part mpc-regular mpc-transition  etl etl-map\"><\/i><i class=\"mpc-icon-part mpc-hover mpc-transition  etl etl-map\"><\/i><\/div><\/div><div class=\"mpc-icon-column__content-wrap\"><div class=\"mpc-icon-column__content\"><h3 class=\"mpc-icon-column__heading mpc-typography--mpc_preset_103 mpc-transition\">ADRESA<\/h3><div class=\"mpc-icon-column__description mpc-typography--mpc_preset_103 mpc-transition\"><p style=\"text-align: center;\">Europska avenija 24<br \/>\n31000 Osijek<\/p>\n<\/div><\/div><\/div><\/div><div data-id=\"mpc_icon_column-2469f6144707dd8\" class=\"mpc-icon-column mpc-init mpc-parent-hover mpc-transition mpc-icon-column--style_1 mpc-align--center \" ><div data-id=\"mpc_icon-1069f6144707e12\" class=\"mpc-icon mpc-init mpc-transition mpc-effect-slide-up mpc-icon-hover \"><div class=\"mpc-icon-wrap\"><i class=\"mpc-icon-part mpc-regular mpc-transition  fa fa-phone\"><\/i><i class=\"mpc-icon-part mpc-hover mpc-transition  fa fa-phone\"><\/i><\/div><\/div><div class=\"mpc-icon-column__content-wrap\"><div class=\"mpc-icon-column__content\"><h3 class=\"mpc-icon-column__heading mpc-typography--mpc_preset_103 mpc-transition\">TELEFON<\/h3><div class=\"mpc-icon-column__description mpc-typography--mpc_preset_103 mpc-transition\"><p style=\"text-align: center;\">\u00a0+385 (0)31 211 219<\/p>\n<\/div><\/div><\/div><\/div><div data-id=\"mpc_icon_column-1769f6144707ec2\" class=\"mpc-icon-column mpc-init mpc-parent-hover mpc-transition mpc-icon-column--style_1 mpc-align--center \" ><div data-id=\"mpc_icon-7869f6144707ef9\" class=\"mpc-icon mpc-init mpc-transition mpc-effect-slide-up mpc-icon-hover \"><div class=\"mpc-icon-wrap\"><i class=\"mpc-icon-part mpc-regular mpc-transition  fa fa-fax\"><\/i><i class=\"mpc-icon-part mpc-hover mpc-transition  fa fa-fax\"><\/i><\/div><\/div><div class=\"mpc-icon-column__content-wrap\"><div class=\"mpc-icon-column__content\"><h3 class=\"mpc-icon-column__heading mpc-typography--mpc_preset_103 mpc-transition\">FAX<\/h3><div class=\"mpc-icon-column__description mpc-typography--mpc_preset_103 mpc-transition\"><p style=\"text-align: center;\">+385 (0)31 211 218 (lokal 201)<\/p>\n<\/div><\/div><\/div><\/div><\/div>[vc_empty_space height=&#8221;50px&#8221;]<div id=\"mpc_grid_anything-8669f6144707f79\" class=\"mpc-grid-anything mpc-init \"  data-grid-cols=\"3\"><div data-id=\"mpc_icon_column-2869f6144708023\" class=\"mpc-icon-column mpc-init mpc-parent-hover mpc-transition mpc-icon-column--style_1 mpc-align--center \" ><div data-id=\"mpc_icon-5769f6144708068\" class=\"mpc-icon mpc-init mpc-transition mpc-effect-slide-up mpc-icon-hover \"><div class=\"mpc-icon-wrap\"><i class=\"mpc-icon-part mpc-regular mpc-transition  fa fa-envelope-o\"><\/i><i class=\"mpc-icon-part mpc-hover mpc-transition  fa fa-envelope-o\"><\/i><\/div><\/div><div class=\"mpc-icon-column__content-wrap\"><div class=\"mpc-icon-column__content\"><h3 class=\"mpc-icon-column__heading mpc-typography--mpc_preset_103 mpc-transition\">E-MAIL<\/h3><div class=\"mpc-icon-column__description mpc-typography--mpc_preset_103 mpc-transition\"><p style=\"text-align: center;\">racunovodstvo@gskos.hr<br \/>\nsandra@gskos.hr<\/p>\n<\/div><\/div><\/div><\/div><div data-id=\"mpc_icon_column-5569f614470811e\" class=\"mpc-icon-column mpc-init mpc-parent-hover mpc-transition mpc-icon-column--style_1 mpc-align--center \" ><div data-id=\"mpc_icon-1769f6144708156\" class=\"mpc-icon mpc-init mpc-transition mpc-effect-slide-up mpc-icon-hover \"><div class=\"mpc-icon-wrap\"><i class=\"mpc-icon-part mpc-regular mpc-transition  etl etl-profile-male\"><\/i><i class=\"mpc-icon-part mpc-hover mpc-transition  etl etl-profile-male\"><\/i><\/div><\/div><div class=\"mpc-icon-column__content-wrap\"><div class=\"mpc-icon-column__content\"><h3 class=\"mpc-icon-column__heading mpc-typography--mpc_preset_103 mpc-transition\">OSOBA ZA KONTAKT<\/h3><div class=\"mpc-icon-column__description mpc-typography--mpc_preset_103 mpc-transition\"><p style=\"text-align: center;\">Voditeljica ra\u010dunovodstveno-financijske slu\u017ebe<br \/>\nSandra Crnkovi\u0107, dipl. oecc.<\/p>\n<\/div><\/div><\/div><\/div><div data-id=\"mpc_icon_column-2269f6144708209\" class=\"mpc-icon-column mpc-init mpc-parent-hover mpc-transition mpc-icon-column--style_1 mpc-align--center \" ><div data-id=\"mpc_icon-3069f6144708241\" class=\"mpc-icon mpc-init mpc-transition mpc-effect-slide-up mpc-icon-hover \"><div class=\"mpc-icon-wrap\"><i class=\"mpc-icon-part mpc-regular mpc-transition  etl etl-happy\"><\/i><i class=\"mpc-icon-part mpc-hover mpc-transition  etl etl-happy\"><\/i><\/div><\/div><div class=\"mpc-icon-column__content-wrap\"><div class=\"mpc-icon-column__content\"><h3 class=\"mpc-icon-column__heading mpc-typography--mpc_preset_103 mpc-transition\">RAD S POSLOVNIM SURADNICIMA<\/h3><div class=\"mpc-icon-column__description mpc-typography--mpc_preset_103 mpc-transition\"><p style=\"text-align: center;\">ponedjeljak &#8211; petak: 08.00 &#8211; 15.00<\/p>\n<\/div><\/div><\/div><\/div><\/div>[vc_empty_space height=&#8221;50px&#8221;][\/vc_column][\/vc_row]<\/p>\n<\/section>","protected":false},"excerpt":{"rendered":"<p>[vc_row full_width=&#8221;stretch_row&#8221; content_placement=&#8221;bottom&#8221; enable_first_overlay=&#8221;true&#8221; first_overlay_opacity=&#8221;25&#8243; first_background_type=&#8221;gradient&#8221; enable_parallax=&#8221;true&#8221; parallax_background=&#8221;4381&#8243; parallax_style=&#8221;fixed&#8221; css=&#8221;.vc_custom_1509303768164{background-position: center !important;background-repeat: no-repeat !important;background-size: cover !important;}&#8221;][vc_column alignment=&#8221;center&#8221;][\/vc_column][\/vc_row][vc_row][vc_column][vc_empty_space height=&#8221;50px&#8221;][vc_empty_space height=&#8221;30px&#8221;][vc_empty_space height=&#8221;50px&#8221;][vc_empty_space height=&#8221;50px&#8221;][vc_empty_space height=&#8221;30px&#8221;][vc_empty_space height=&#8221;50px&#8221;][vc_empty_space height=&#8221;50px&#8221;][vc_empty_space height=&#8221;30px&#8221;][vc_empty_space height=&#8221;50px&#8221;][vc_empty_space height=&#8221;50px&#8221;][\/vc_column][\/vc_row]<\/p>\n","protected":false},"author":3,"featured_media":4381,"parent":0,"menu_order":0,"comment_status":"closed","ping_status":"closed","template":"","meta":{"_mi_skip_tracking":false},"_links":{"self":[{"href":"https:\/\/www.gskos.unios.hr\/index.php\/wp-json\/wp\/v2\/pages\/4377"}],"collection":[{"href":"https:\/\/www.gskos.unios.hr\/index.php\/wp-json\/wp\/v2\/pages"}],"about":[{"href":"https:\/\/www.gskos.unios.hr\/index.php\/wp-json\/wp\/v2\/types\/page"}],"author":[{"embeddable":true,"href":"https:\/\/www.gskos.unios.hr\/index.php\/wp-json\/wp\/v2\/users\/3"}],"replies":[{"embeddable":true,"href":"https:\/\/www.gskos.unios.hr\/index.php\/wp-json\/wp\/v2\/comments?post=4377"}],"version-history":[{"count":13,"href":"https:\/\/www.gskos.unios.hr\/index.php\/wp-json\/wp\/v2\/pages\/4377\/revisions"}],"predecessor-version":[{"id":21591,"href":"https:\/\/www.gskos.unios.hr\/index.php\/wp-json\/wp\/v2\/pages\/4377\/revisions\/21591"}],"wp:featuredmedia":[{"embeddable":true,"href":"https:\/\/www.gskos.unios.hr\/index.php\/wp-json\/wp\/v2\/media\/4381"}],"wp:attachment":[{"href":"https:\/\/www.gskos.unios.hr\/index.php\/wp-json\/wp\/v2\/media?parent=4377"}],"curies":[{"name":"wp","href":"https:\/\/api.w.org\/{rel}","templated":true}]}}