{"id":6799,"date":"2017-12-29T14:04:34","date_gmt":"2017-12-29T13:04:34","guid":{"rendered":"http:\/\/www.gskos.unios.hr\/?page_id=6799"},"modified":"2017-12-29T15:38:55","modified_gmt":"2017-12-29T14:38:55","slug":"zahtjev-za-meduknjiznicnu-posudbu","status":"publish","type":"page","link":"https:\/\/www.gskos.unios.hr\/index.php\/zahtjev-za-meduknjiznicnu-posudbu\/","title":{"rendered":"ZAHTJEV ZA ME\u0110UKNJI\u017dNI\u010cNU POSUDBU"},"content":{"rendered":"<section class=\"wpb-content-wrapper\"><p>[vc_row full_width=&#8221;stretch_row&#8221; content_placement=&#8221;bottom&#8221; enable_first_overlay=&#8221;true&#8221; first_overlay_opacity=&#8221;25&#8243; first_background_type=&#8221;gradient&#8221; enable_parallax=&#8221;true&#8221; parallax_background=&#8221;3644&#8243; parallax_style=&#8221;fixed&#8221; css=&#8221;.vc_custom_1514457971373{background-position: center !important;background-repeat: no-repeat !important;background-size: cover !important;}&#8221;][vc_column alignment=&#8221;center&#8221;]<div id=\"mpc_textblock-1969d6620f16dd0\" class=\"mpc-textblock mpc-init mpc-animation \" data-animation-in=\"transition.slideDownBigIn||3250||0||100\"><p style=\"text-align: center;\">ZAHTJEV ZA ME\u0110UKNJI\u017dNI\u010cNU POSUDBU<\/p>\n<\/div>[\/vc_column][\/vc_row][vc_row][vc_column][vc_empty_space height=&#8221;50px&#8221;][\/vc_column][\/vc_row][vc_row][vc_column width=&#8221;2\/3&#8243;]<div id=\"mpc_textblock-7469d6620f16e90\" class=\"mpc-textblock mpc-init \"><div class=\"wpcf7 no-js\" id=\"wpcf7-f6725-o1\" lang=\"hr\" dir=\"ltr\">\n<div class=\"screen-reader-response\"><p role=\"status\" aria-live=\"polite\" aria-atomic=\"true\"><\/p> <ul><\/ul><\/div>\n<form action=\"#\" method=\"post\" class=\"wpcf7-form init\" aria-label=\"Contact form\" novalidate=\"novalidate\" data-status=\"init\">\n<div style=\"display: none;\">\n<input type=\"hidden\" name=\"_wpcf7\" value=\"6725\" \/>\n<input type=\"hidden\" name=\"_wpcf7_version\" value=\"5.7.1\" \/>\n<input type=\"hidden\" name=\"_wpcf7_locale\" value=\"hr\" \/>\n<input type=\"hidden\" name=\"_wpcf7_unit_tag\" value=\"wpcf7-f6725-o1\" \/>\n<input type=\"hidden\" name=\"_wpcf7_container_post\" value=\"0\" \/>\n<input type=\"hidden\" name=\"_wpcf7_posted_data_hash\" value=\"\" \/>\n<\/div>\n<p><label> IME I PREZIME:<br \/>\n<span class=\"wpcf7-form-control-wrap\" data-name=\"text-935\"><input size=\"40\" class=\"wpcf7-form-control wpcf7-text\" aria-invalid=\"false\" value=\"\" type=\"text\" name=\"text-935\" \/><\/span> <\/label>\n<\/p>\n<p><label> ZANIMANJE, USTANOVA:<br \/>\n<span class=\"wpcf7-form-control-wrap\" data-name=\"text-936\"><input size=\"40\" class=\"wpcf7-form-control wpcf7-text\" aria-invalid=\"false\" value=\"\" type=\"text\" name=\"text-936\" \/><\/span> <\/label>\n<\/p>\n<p><label> ADRESA:<br \/>\n<span class=\"wpcf7-form-control-wrap\" data-name=\"text-937\"><input size=\"40\" class=\"wpcf7-form-control wpcf7-text\" aria-invalid=\"false\" value=\"\" type=\"text\" name=\"text-937\" \/><\/span> <\/label>\n<\/p>\n<p><label> TELEFON:<br \/>\n<span class=\"wpcf7-form-control-wrap\" data-name=\"tel-76\"><input size=\"40\" class=\"wpcf7-form-control wpcf7-text wpcf7-tel wpcf7-validates-as-tel\" aria-invalid=\"false\" value=\"\" type=\"tel\" name=\"tel-76\" \/><\/span> <\/label>\n<\/p>\n<p><label> Va\u0161a e-po\u0161ta (obavezno)<br \/>\n<span class=\"wpcf7-form-control-wrap\" data-name=\"email-327\"><input size=\"40\" class=\"wpcf7-form-control wpcf7-text wpcf7-email wpcf7-validates-as-email\" aria-invalid=\"false\" value=\"\" type=\"email\" name=\"email-327\" \/><\/span> <\/label>\n<\/p>\n<p><label> BROJ \u010cL.ISKAZNICE:<br \/>\n<span class=\"wpcf7-form-control-wrap\" data-name=\"text-938\"><input size=\"40\" class=\"wpcf7-form-control wpcf7-text\" aria-invalid=\"false\" value=\"\" type=\"text\" name=\"text-938\" \/><\/span> <\/label>\n<\/p>\n<p><label> DATUM:<br \/>\n<span class=\"wpcf7-form-control-wrap\" data-name=\"date-551\"><input class=\"wpcf7-form-control wpcf7-date wpcf7-validates-as-date\" aria-invalid=\"false\" value=\"\" type=\"date\" name=\"date-551\" \/><\/span><\/label>\n<\/p>\n<p>Ukoliko gra\u0111a nije dostupna u Hrvatskoj, dozvoljavam naru\u010divanje iz inozemstva:<br \/>\n<span class=\"wpcf7-form-control-wrap\" data-name=\"radio-381\"><span class=\"wpcf7-form-control wpcf7-radio\"><span class=\"wpcf7-list-item first\"><span class=\"wpcf7-list-item-label\">DA<\/span><input type=\"radio\" name=\"radio-381\" value=\"DA\" checked=\"checked\" tabindex=\"\" \/><\/span><span class=\"wpcf7-list-item last\"><span class=\"wpcf7-list-item-label\">NE<\/span><input type=\"radio\" name=\"radio-381\" value=\"NE\" tabindex=\"\" \/><\/span><\/span><\/span>\n<\/p>\n<p>Gra\u0111a iz inozemstva pla\u0107a se prema cjeniku.\n<\/p>\n<p>PODACI O KNJIZI\n<\/p>\n<p><label> AUTOR:<br \/>\n<span class=\"wpcf7-form-control-wrap\" data-name=\"text-452\"><input size=\"40\" class=\"wpcf7-form-control wpcf7-text\" aria-invalid=\"false\" value=\"\" type=\"text\" name=\"text-452\" \/><\/span> <\/label>\n<\/p>\n<p><label> NASLOV:<br \/>\n<span class=\"wpcf7-form-control-wrap\" data-name=\"text-453\"><input size=\"40\" class=\"wpcf7-form-control wpcf7-text\" aria-invalid=\"false\" value=\"\" type=\"text\" name=\"text-453\" \/><\/span> <\/label>\n<\/p>\n<p><label> MJESTO IZDANJA:<br \/>\n<span class=\"wpcf7-form-control-wrap\" data-name=\"text-454\"><input size=\"40\" class=\"wpcf7-form-control wpcf7-text\" aria-invalid=\"false\" value=\"\" type=\"text\" name=\"text-454\" \/><\/span> <\/label>\n<\/p>\n<p><label> IZDAVA\u010c:<br \/>\n<span class=\"wpcf7-form-control-wrap\" data-name=\"text-456\"><input size=\"40\" class=\"wpcf7-form-control wpcf7-text\" aria-invalid=\"false\" value=\"\" type=\"text\" name=\"text-456\" \/><\/span> <\/label>\n<\/p>\n<p><label> GODINA IZDANJA:<br \/>\n<span class=\"wpcf7-form-control-wrap\" data-name=\"text-457\"><input size=\"40\" class=\"wpcf7-form-control wpcf7-text\" aria-invalid=\"false\" value=\"\" type=\"text\" name=\"text-457\" \/><\/span> <\/label>\n<\/p>\n<p><label> ISBN:<br \/>\n<span class=\"wpcf7-form-control-wrap\" data-name=\"number-608\"><input class=\"wpcf7-form-control wpcf7-number wpcf7-validates-as-number\" aria-invalid=\"false\" value=\"\" type=\"number\" name=\"number-608\" \/><\/span> <\/label>\n<\/p>\n<p>PODACI O \u010cLANKU\n<\/p>\n<p><label> AUTOR:<br \/>\n<span class=\"wpcf7-form-control-wrap\" data-name=\"text-458\"><input size=\"40\" class=\"wpcf7-form-control wpcf7-text\" aria-invalid=\"false\" value=\"\" type=\"text\" name=\"text-458\" \/><\/span> <\/label>\n<\/p>\n<p><label> NASLOV:<br \/>\n<span class=\"wpcf7-form-control-wrap\" data-name=\"text-459\"><input size=\"40\" class=\"wpcf7-form-control wpcf7-text\" aria-invalid=\"false\" value=\"\" type=\"text\" name=\"text-459\" \/><\/span> <\/label>\n<\/p>\n<p><label> NASLOV \u010cASOPISA:<br \/>\n<span class=\"wpcf7-form-control-wrap\" data-name=\"text-460\"><input size=\"40\" class=\"wpcf7-form-control wpcf7-text\" aria-invalid=\"false\" value=\"\" type=\"text\" name=\"text-460\" \/><\/span> <\/label>\n<\/p>\n<p><label> IZDAVA\u010c:<br \/>\n<span class=\"wpcf7-form-control-wrap\" data-name=\"text-461\"><input size=\"40\" class=\"wpcf7-form-control wpcf7-text\" aria-invalid=\"false\" value=\"\" type=\"text\" name=\"text-461\" \/><\/span> <\/label>\n<\/p>\n<p><label> GODINA IZDANJA:<br \/>\n<span class=\"wpcf7-form-control-wrap\" data-name=\"text-462\"><input size=\"40\" class=\"wpcf7-form-control wpcf7-text\" aria-invalid=\"false\" value=\"\" type=\"text\" name=\"text-462\" \/><\/span> <\/label>\n<\/p>\n<p><label> GODI\u0160TE\/BROJ:<br \/>\n<span class=\"wpcf7-form-control-wrap\" data-name=\"text-463\"><input size=\"40\" class=\"wpcf7-form-control wpcf7-text\" aria-invalid=\"false\" value=\"\" type=\"text\" name=\"text-463\" \/><\/span> <\/label>\n<\/p>\n<p><label> BR. STRANICA<br \/>\n<span class=\"wpcf7-form-control-wrap\" data-name=\"text-464\"><input size=\"40\" class=\"wpcf7-form-control wpcf7-text\" aria-invalid=\"false\" value=\"\" type=\"text\" name=\"text-464\" \/><\/span> <\/label>\n<\/p>\n<p><label> ISSN:<br \/>\n<span class=\"wpcf7-form-control-wrap\" data-name=\"number-608\"><input class=\"wpcf7-form-control wpcf7-number wpcf7-validates-as-number\" aria-invalid=\"false\" value=\"\" type=\"number\" name=\"number-608\" \/><\/span> <\/label>\n<\/p>\n<p>Prihva\u0107am uvjete me\u0111uknji\u017eni\u010dne posudbe utvr\u0111ene pravilnikom <span class=\"wpcf7-form-control-wrap\" data-name=\"acceptance-659\"><span class=\"wpcf7-form-control wpcf7-acceptance\"><span class=\"wpcf7-list-item\"><input type=\"checkbox\" name=\"acceptance-659\" value=\"1\" checked=\"checked\" aria-invalid=\"false\" \/><\/span><\/span><\/span>\n<\/p>\n<p>Izjavljujem da je kori\u0161tenje gra\u0111e namijenjeno isklju\u010divo u studijske i znanstvene svrhe i time sukladno Zakonu o autorskim pravima. NN <span class=\"wpcf7-form-control-wrap\" data-name=\"acceptance-659\"><span class=\"wpcf7-form-control wpcf7-acceptance\"><span class=\"wpcf7-list-item\"><input type=\"checkbox\" name=\"acceptance-659\" value=\"1\" checked=\"checked\" aria-invalid=\"false\" \/><\/span><\/span><\/span>\n<\/p>\n<p><input class=\"wpcf7-form-control has-spinner wpcf7-submit\" type=\"submit\" value=\"Po\u0161alji\" \/>\n<\/p><div class=\"wpcf7-response-output\" aria-hidden=\"true\"><\/div><\/form><\/div>\n<\/div>[vc_empty_space height=&#8221;50px&#8221;][\/vc_column][vc_column width=&#8221;1\/3&#8243;][vc_widget_sidebar sidebar_id=&#8221;td-td_demo_category&#8221;][\/vc_column][\/vc_row]<\/p>\n<\/section>","protected":false},"excerpt":{"rendered":"<p>[vc_row full_width=&#8221;stretch_row&#8221; content_placement=&#8221;bottom&#8221; enable_first_overlay=&#8221;true&#8221; first_overlay_opacity=&#8221;25&#8243; first_background_type=&#8221;gradient&#8221; enable_parallax=&#8221;true&#8221; parallax_background=&#8221;3644&#8243; parallax_style=&#8221;fixed&#8221; css=&#8221;.vc_custom_1514457971373{background-position: center !important;background-repeat: no-repeat !important;background-size: cover !important;}&#8221;][vc_column alignment=&#8221;center&#8221;][\/vc_column][\/vc_row][vc_row][vc_column][vc_empty_space height=&#8221;50px&#8221;][\/vc_column][\/vc_row][vc_row][vc_column width=&#8221;2\/3&#8243;][vc_empty_space height=&#8221;50px&#8221;][\/vc_column][vc_column width=&#8221;1\/3&#8243;][vc_widget_sidebar sidebar_id=&#8221;td-td_demo_category&#8221;][\/vc_column][\/vc_row]<\/p>\n","protected":false},"author":3,"featured_media":0,"parent":0,"menu_order":0,"comment_status":"closed","ping_status":"closed","template":"","meta":{"_mi_skip_tracking":false},"_links":{"self":[{"href":"https:\/\/www.gskos.unios.hr\/index.php\/wp-json\/wp\/v2\/pages\/6799"}],"collection":[{"href":"https:\/\/www.gskos.unios.hr\/index.php\/wp-json\/wp\/v2\/pages"}],"about":[{"href":"https:\/\/www.gskos.unios.hr\/index.php\/wp-json\/wp\/v2\/types\/page"}],"author":[{"embeddable":true,"href":"https:\/\/www.gskos.unios.hr\/index.php\/wp-json\/wp\/v2\/users\/3"}],"replies":[{"embeddable":true,"href":"https:\/\/www.gskos.unios.hr\/index.php\/wp-json\/wp\/v2\/comments?post=6799"}],"version-history":[{"count":4,"href":"https:\/\/www.gskos.unios.hr\/index.php\/wp-json\/wp\/v2\/pages\/6799\/revisions"}],"predecessor-version":[{"id":7151,"href":"https:\/\/www.gskos.unios.hr\/index.php\/wp-json\/wp\/v2\/pages\/6799\/revisions\/7151"}],"wp:attachment":[{"href":"https:\/\/www.gskos.unios.hr\/index.php\/wp-json\/wp\/v2\/media?parent=6799"}],"curies":[{"name":"wp","href":"https:\/\/api.w.org\/{rel}","templated":true}]}}