{"id":7485,"date":"2018-03-02T13:38:57","date_gmt":"2018-03-02T12:38:57","guid":{"rendered":"http:\/\/www.gskos.unios.hr\/?page_id=7485"},"modified":"2018-03-02T13:58:20","modified_gmt":"2018-03-02T12:58:20","slug":"star-wars-tjedan","status":"publish","type":"page","link":"https:\/\/www.gskos.unios.hr\/index.php\/star-wars-tjedan\/","title":{"rendered":"STAR WARS TJEDAN"},"content":{"rendered":"<section class=\"wpb-content-wrapper\"><p>[vc_row full_width=&#8221;stretch_row&#8221; content_placement=&#8221;bottom&#8221; first_background_type=&#8221;gradient&#8221; enable_parallax=&#8221;true&#8221; parallax_background=&#8221;7490&#8243; css=&#8221;.vc_custom_1519994562112{background-position: center !important;background-repeat: no-repeat !important;background-size: cover !important;}&#8221;][vc_column alignment=&#8221;center&#8221;]<div id=\"mpc_textblock-6769ff3d7ca351f\" class=\"mpc-textblock mpc-init mpc-typography--preset_0 mpc-animation \" data-animation-in=\"transition.slideDownBigIn||3250||0||100\"><p>STAR WARS TJEDAN<\/p>\n<\/div>[\/vc_column][\/vc_row][vc_row][vc_column][vc_empty_space height=&#8221;50px&#8221;]<div data-id=\"mpc_divider-7169ff3d7ca35cc\" class=\"mpc-divider-wrap\"><div class=\"mpc-divider mpc-init mpc-align--center \" ><div class=\"mpc-divider__line mpc-side--left\"><span><\/span><\/div><div class=\"mpc-divider__separator\"><div class=\"mpc-divider__content fa fa-circle\"><\/div><\/div><div class=\"mpc-divider__line mpc-side--right\"><span><\/span><\/div><\/div><\/div>[vc_empty_space height=&#8221;50px&#8221;][\/vc_column][\/vc_row][vc_row][vc_column][vc_column_text]<\/p>\n<p style=\"text-align: justify;\">Projekt je nastao kao rezultat suradnje Gradske i sveu\u010dili\u0161ne knji\u017enice Osijek, \u0160kole primijenjene umjetnosti i dizajna Osijek te Udruge Star Wars Hrvatska koji zajedni\u010dkim snagama \u017eele popularizirati poznatu svemirsku sagu, pru\u017eiti izazov mladim likovnjacima da svoje sposobnosti izraze kroz Star Wars tematiku te posjetiteljima svih uzrasta, posebice djeci, omogu\u0107iti zajedni\u010dko u\u017eivanje u programu nadahnutom pri\u010dama iz daleke galaksije. Tijekom projekta odr\u017eavaju se razli\u010dite kreativne, likovne i \u010ditateljske radionice, brojna dru\u0161tvena doga\u0111anja, nagradne igre, dru\u017eenje s omiljenim Star Wars likovima te bogat ostatak programa.<\/p>\n<p>[\/vc_column_text][vc_empty_space height=&#8221;50px&#8221;][\/vc_column][\/vc_row][vc_row][vc_column width=&#8221;1\/2&#8243;][vc_column_text]<strong>Ciljevi projekta<\/strong>:<\/p>\n<ul>\n<li>ukazati na va\u017enost rada s djecom i mladima te va\u017enost dje\u010djih odjela<\/li>\n<li>pobolj\u0161ati uslugu rada s djecom i mladima u knji\u017enicama<\/li>\n<li>potaknuti \u010ditateljske i likovno-kreativne navike djece i mladih<\/li>\n<li>pridonijeti razvoju knji\u017enica kao kulturno-informacijskih sredi\u0161ta, mjesto kulturnih susreta, zabave i dru\u0161tvenih doga\u0111anja<\/li>\n<li>potaknuti mlade dizajnere i likovnjake na dru\u0161tvenu anga\u017eiranost, suradnju i rad na projektima<\/li>\n<li>popularizirati fran\u0161izu na lokalnoj razini<\/li>\n<li>pridonijeti prepoznatljivosti u lokalnoj zajednici<\/li>\n<\/ul>\n<p>[\/vc_column_text][\/vc_column][vc_column width=&#8221;1\/2&#8243;]<a href=\"http:\/\/www.gskos.unios.hr\/wp-content\/uploads\/2018\/03\/Star_Wars.mp4\" title=\"\"  class=\"mpc-lightbox mpc-init mpc-transition mpc-magnific-popup \"><div data-id=\"mpc_button-6169ff3d7ca3a4b\" class=\"mpc-button mpc-init mpc-transition \" ><div class=\"mpc-button__content mpc-effect-type--stay mpc-effect-side--left\"><i class=\"mpc-button__icon mpc-transition  mpc-icon--image\"><img width=\"1326\" height=\"876\" src=\"https:\/\/www.gskos.unios.hr\/wp-content\/uploads\/2018\/03\/swfilm.jpg\" class=\"attachment-full\" alt=\"\" loading=\"lazy\" title=\"swfilm\" srcset=\"https:\/\/www.gskos.unios.hr\/wp-content\/uploads\/2018\/03\/swfilm.jpg 1326w, https:\/\/www.gskos.unios.hr\/wp-content\/uploads\/2018\/03\/swfilm-300x198.jpg 300w, https:\/\/www.gskos.unios.hr\/wp-content\/uploads\/2018\/03\/swfilm-768x507.jpg 768w, https:\/\/www.gskos.unios.hr\/wp-content\/uploads\/2018\/03\/swfilm-1024x676.jpg 1024w, https:\/\/www.gskos.unios.hr\/wp-content\/uploads\/2018\/03\/swfilm-696x460.jpg 696w, https:\/\/www.gskos.unios.hr\/wp-content\/uploads\/2018\/03\/swfilm-1068x706.jpg 1068w, https:\/\/www.gskos.unios.hr\/wp-content\/uploads\/2018\/03\/swfilm-636x420.jpg 636w\" sizes=\"(max-width: 1326px) 100vw, 1326px\" \/><\/i><span class=\"mpc-button__title mpc-transition\">Promotivni film<\/span><\/div><div class=\"mpc-button__background mpc-transition mpc-effect-type--fade mpc-effect-side--in\"><\/div><\/div><\/a>[\/vc_column][\/vc_row][vc_row][vc_column][vc_empty_space height=&#8221;50px&#8221;]<div class=\"td_block_wrap td_block_11 td_uid_1_69ff3d7ca3b36_rand td-pb-border-top td_block_template_14 tdc-no-posts tdb-no-posts td-column-1\"  data-td-block-uid=\"td_uid_1_69ff3d7ca3b36\" ><script>var block_td_uid_1_69ff3d7ca3b36 = new tdBlock();\nblock_td_uid_1_69ff3d7ca3b36.id = \"td_uid_1_69ff3d7ca3b36\";\nblock_td_uid_1_69ff3d7ca3b36.atts = '{\"category_id\":\"54\",\"separator\":\"\",\"custom_title\":\"\",\"custom_url\":\"\",\"block_template_id\":\"\",\"m10_tl\":\"\",\"m10_el\":\"\",\"post_ids\":\"\",\"category_ids\":\"\",\"tag_slug\":\"\",\"autors_id\":\"\",\"installed_post_types\":\"\",\"sort\":\"\",\"limit\":\"5\",\"offset\":\"\",\"el_class\":\"\",\"td_ajax_filter_type\":\"\",\"td_ajax_filter_ids\":\"\",\"td_filter_default_txt\":\"All\",\"td_ajax_preloading\":\"\",\"f_header_font_header\":\"\",\"f_header_font_title\":\"Block header\",\"f_header_font_settings\":\"\",\"f_header_font_family\":\"\",\"f_header_font_size\":\"\",\"f_header_font_line_height\":\"\",\"f_header_font_style\":\"\",\"f_header_font_weight\":\"\",\"f_header_font_transform\":\"\",\"f_header_font_spacing\":\"\",\"f_header_\":\"\",\"f_ajax_font_title\":\"Ajax categories\",\"f_ajax_font_settings\":\"\",\"f_ajax_font_family\":\"\",\"f_ajax_font_size\":\"\",\"f_ajax_font_line_height\":\"\",\"f_ajax_font_style\":\"\",\"f_ajax_font_weight\":\"\",\"f_ajax_font_transform\":\"\",\"f_ajax_font_spacing\":\"\",\"f_ajax_\":\"\",\"f_more_font_title\":\"Load more button\",\"f_more_font_settings\":\"\",\"f_more_font_family\":\"\",\"f_more_font_size\":\"\",\"f_more_font_line_height\":\"\",\"f_more_font_style\":\"\",\"f_more_font_weight\":\"\",\"f_more_font_transform\":\"\",\"f_more_font_spacing\":\"\",\"f_more_\":\"\",\"m10f_title_font_header\":\"\",\"m10f_title_font_title\":\"Article title\",\"m10f_title_font_settings\":\"\",\"m10f_title_font_family\":\"\",\"m10f_title_font_size\":\"\",\"m10f_title_font_line_height\":\"\",\"m10f_title_font_style\":\"\",\"m10f_title_font_weight\":\"\",\"m10f_title_font_transform\":\"\",\"m10f_title_font_spacing\":\"\",\"m10f_title_\":\"\",\"m10f_cat_font_title\":\"Article category tag\",\"m10f_cat_font_settings\":\"\",\"m10f_cat_font_family\":\"\",\"m10f_cat_font_size\":\"\",\"m10f_cat_font_line_height\":\"\",\"m10f_cat_font_style\":\"\",\"m10f_cat_font_weight\":\"\",\"m10f_cat_font_transform\":\"\",\"m10f_cat_font_spacing\":\"\",\"m10f_cat_\":\"\",\"m10f_meta_font_title\":\"Article meta info\",\"m10f_meta_font_settings\":\"\",\"m10f_meta_font_family\":\"\",\"m10f_meta_font_size\":\"\",\"m10f_meta_font_line_height\":\"\",\"m10f_meta_font_style\":\"\",\"m10f_meta_font_weight\":\"\",\"m10f_meta_font_transform\":\"\",\"m10f_meta_font_spacing\":\"\",\"m10f_meta_\":\"\",\"m10f_ex_font_title\":\"Article excerpt\",\"m10f_ex_font_settings\":\"\",\"m10f_ex_font_family\":\"\",\"m10f_ex_font_size\":\"\",\"m10f_ex_font_line_height\":\"\",\"m10f_ex_font_style\":\"\",\"m10f_ex_font_weight\":\"\",\"m10f_ex_font_transform\":\"\",\"m10f_ex_font_spacing\":\"\",\"m10f_ex_\":\"\",\"ajax_pagination\":\"\",\"ajax_pagination_infinite_stop\":\"\",\"css\":\"\",\"tdc_css\":\"\",\"td_column_number\":1,\"header_color\":\"\",\"color_preset\":\"\",\"border_top\":\"\",\"class\":\"td_uid_1_69ff3d7ca3b36_rand\",\"tdc_css_class\":\"td_uid_1_69ff3d7ca3b36_rand\",\"tdc_css_class_style\":\"td_uid_1_69ff3d7ca3b36_rand_style\"}';\nblock_td_uid_1_69ff3d7ca3b36.td_column_number = \"1\";\nblock_td_uid_1_69ff3d7ca3b36.block_type = \"td_block_11\";\nblock_td_uid_1_69ff3d7ca3b36.post_count = \"0\";\nblock_td_uid_1_69ff3d7ca3b36.found_posts = \"0\";\nblock_td_uid_1_69ff3d7ca3b36.header_color = \"\";\nblock_td_uid_1_69ff3d7ca3b36.ajax_pagination_infinite_stop = \"\";\nblock_td_uid_1_69ff3d7ca3b36.max_num_pages = \"0\";\ntdBlocksArray.push(block_td_uid_1_69ff3d7ca3b36);\n<\/script><div class=\"td-block-title-wrap\"><\/div><div id=td_uid_1_69ff3d7ca3b36 class=\"td_block_inner\"><\/div><\/div> <!-- .\/block -->[vc_empty_space height=&#8221;50px&#8221;][\/vc_column][\/vc_row]<\/p>\n<\/section>","protected":false},"excerpt":{"rendered":"<p>[vc_row full_width=&#8221;stretch_row&#8221; content_placement=&#8221;bottom&#8221; first_background_type=&#8221;gradient&#8221; enable_parallax=&#8221;true&#8221; parallax_background=&#8221;7490&#8243; css=&#8221;.vc_custom_1519994562112{background-position: center !important;background-repeat: no-repeat !important;background-size: cover !important;}&#8221;][vc_column alignment=&#8221;center&#8221;][\/vc_column][\/vc_row][vc_row][vc_column][vc_empty_space height=&#8221;50px&#8221;][vc_empty_space height=&#8221;50px&#8221;][\/vc_column][\/vc_row][vc_row][vc_column][vc_column_text] Projekt je nastao kao rezultat suradnje Gradske i sveu\u010dili\u0161ne knji\u017enice Osijek, \u0160kole primijenjene umjetnosti i dizajna Osijek te Udruge Star Wars Hrvatska koji zajedni\u010dkim snagama \u017eele popularizirati poznatu svemirsku sagu, pru\u017eiti izazov mladim likovnjacima da svoje sposobnosti izraze kroz<\/p>\n","protected":false},"author":3,"featured_media":0,"parent":0,"menu_order":0,"comment_status":"closed","ping_status":"closed","template":"","meta":{"_mi_skip_tracking":false},"_links":{"self":[{"href":"https:\/\/www.gskos.unios.hr\/index.php\/wp-json\/wp\/v2\/pages\/7485"}],"collection":[{"href":"https:\/\/www.gskos.unios.hr\/index.php\/wp-json\/wp\/v2\/pages"}],"about":[{"href":"https:\/\/www.gskos.unios.hr\/index.php\/wp-json\/wp\/v2\/types\/page"}],"author":[{"embeddable":true,"href":"https:\/\/www.gskos.unios.hr\/index.php\/wp-json\/wp\/v2\/users\/3"}],"replies":[{"embeddable":true,"href":"https:\/\/www.gskos.unios.hr\/index.php\/wp-json\/wp\/v2\/comments?post=7485"}],"version-history":[{"count":5,"href":"https:\/\/www.gskos.unios.hr\/index.php\/wp-json\/wp\/v2\/pages\/7485\/revisions"}],"predecessor-version":[{"id":7495,"href":"https:\/\/www.gskos.unios.hr\/index.php\/wp-json\/wp\/v2\/pages\/7485\/revisions\/7495"}],"wp:attachment":[{"href":"https:\/\/www.gskos.unios.hr\/index.php\/wp-json\/wp\/v2\/media?parent=7485"}],"curies":[{"name":"wp","href":"https:\/\/api.w.org\/{rel}","templated":true}]}}