{"id":9126,"date":"2018-10-05T12:16:41","date_gmt":"2018-10-05T10:16:41","guid":{"rendered":"http:\/\/www.gskos.unios.hr\/?page_id=9126"},"modified":"2018-10-05T12:18:00","modified_gmt":"2018-10-05T10:18:00","slug":"katalozi","status":"publish","type":"page","link":"https:\/\/www.gskos.unios.hr\/index.php\/katalozi\/","title":{"rendered":"KATALOZI"},"content":{"rendered":"<section class=\"wpb-content-wrapper\"><p>[vc_row full_width=&#8221;stretch_row&#8221; content_placement=&#8221;bottom&#8221; enable_first_overlay=&#8221;true&#8221; first_overlay_opacity=&#8221;25&#8243; first_background_type=&#8221;gradient&#8221; enable_parallax=&#8221;true&#8221; parallax_background=&#8221;9127&#8243; css=&#8221;.vc_custom_1538734463937{background-position: center !important;background-repeat: no-repeat !important;background-size: cover !important;}&#8221;][vc_column alignment=&#8221;center&#8221;]<div id=\"mpc_textblock-5069f1a7daec8bd\" class=\"mpc-textblock mpc-init mpc-animation \" data-animation-in=\"transition.slideDownBigIn||3250||0||100\"><p>KATALOZI<\/p>\n<p>&nbsp;<\/p>\n<\/div>[\/vc_column][\/vc_row][vc_section][vc_row][vc_column][vc_empty_space height=&#8221;90px&#8221;][\/vc_column][\/vc_row][\/vc_section][vc_row el_id=&#8221;01&#8243;][vc_column]<div data-id=\"mpc_ihover-7669f1a7daeca25\" class=\"mpc-ihover-wrapper mpc-init \"><div class=\"mpc-ihover-item ih-item square effect11  top_to_bottom\" data-effect=\"effect11\"><a  href=\"http:\/\/161.53.208.100\/cgi-bin\/unilib.cgi?form=D1120502054\" target=\"_blank\" title=\"\" ><div class=\"img\"><div class=\"mpc-image-box\" style=\"background-image: url(https:\/\/www.gskos.unios.hr\/wp-content\/uploads\/2018\/10\/1.jpg);\"><\/div><\/div><div class=\"info\"><div class=\"info-wrap\"><div class=\"mpc-ihover-divider-wrap\"><div class=\"mpc-ihover-divider\"><\/div><\/div><div class=\"mpc-ihover-content\"><p style=\"text-align: center;\">Ex libris Kezele [elektroni\u010dka gra\u0111a]<\/p>\n<\/div><\/div><\/div><\/a><\/div><div class=\"mpc-ihover-item ih-item square effect11  top_to_bottom\" data-effect=\"effect11\"><a  href=\"http:\/\/161.53.208.100\/cgi-bin\/unilib.cgi?form=D1120508084\" target=\"_blank\" title=\"\" ><div class=\"img\"><div class=\"mpc-image-box\" style=\"background-image: url(https:\/\/www.gskos.unios.hr\/wp-content\/uploads\/2018\/10\/2.jpg);\"><\/div><\/div><div class=\"info\"><div class=\"info-wrap\"><h3 class=\"mpc-ihover-title\"><\/h3><div class=\"mpc-ihover-divider-wrap\"><div class=\"mpc-ihover-divider\"><\/div><\/div><div class=\"mpc-ihover-content\"><p style=\"text-align: center;\">Knjige 16. stolje\u0107a Franjeva\u010dkog samostana u Osijeku [Elektroni\u010dka gra\u0111a]<\/p>\n<\/div><\/div><\/div><\/a><\/div><div class=\"mpc-ihover-item ih-item square effect11  top_to_bottom\" data-effect=\"effect11\"><a  href=\"http:\/\/161.53.208.100\/cgi-bin\/unilib.cgi?form=D1120502059\" target=\"_blank\" title=\"\" ><div class=\"img\"><div class=\"mpc-image-box\" style=\"background-image: url(https:\/\/www.gskos.unios.hr\/wp-content\/uploads\/2018\/10\/3-1.jpg);\"><\/div><\/div><div class=\"info\"><div class=\"info-wrap\"><h3 class=\"mpc-ihover-title\"><\/h3><div class=\"mpc-ihover-divider-wrap\"><div class=\"mpc-ihover-divider\"><\/div><\/div><div class=\"mpc-ihover-content\"><p style=\"text-align: center;\">Stru\u010dni skup Narodne knji\u017enice i problemi dru\u0161tvene isklju\u010denosti, Osijek, studeni 2003. [elektroni\u010dka gra\u0111a]<\/p>\n<\/div><\/div><\/div><\/a><\/div><\/div>[\/vc_column][\/vc_row][vc_row][vc_column][vc_empty_space height=&#8221;90px&#8221;][\/vc_column][\/vc_row]<\/p>\n<\/section>","protected":false},"excerpt":{"rendered":"<p>[vc_row full_width=&#8221;stretch_row&#8221; content_placement=&#8221;bottom&#8221; enable_first_overlay=&#8221;true&#8221; first_overlay_opacity=&#8221;25&#8243; first_background_type=&#8221;gradient&#8221; enable_parallax=&#8221;true&#8221; parallax_background=&#8221;9127&#8243; css=&#8221;.vc_custom_1538734463937{background-position: center !important;background-repeat: no-repeat !important;background-size: cover !important;}&#8221;][vc_column alignment=&#8221;center&#8221;][\/vc_column][\/vc_row][vc_section][vc_row][vc_column][vc_empty_space height=&#8221;90px&#8221;][\/vc_column][\/vc_row][\/vc_section][vc_row el_id=&#8221;01&#8243;][vc_column][\/vc_column][\/vc_row][vc_row][vc_column][vc_empty_space height=&#8221;90px&#8221;][\/vc_column][\/vc_row]<\/p>\n","protected":false},"author":9,"featured_media":0,"parent":0,"menu_order":0,"comment_status":"closed","ping_status":"closed","template":"","meta":{"_mi_skip_tracking":false},"_links":{"self":[{"href":"https:\/\/www.gskos.unios.hr\/index.php\/wp-json\/wp\/v2\/pages\/9126"}],"collection":[{"href":"https:\/\/www.gskos.unios.hr\/index.php\/wp-json\/wp\/v2\/pages"}],"about":[{"href":"https:\/\/www.gskos.unios.hr\/index.php\/wp-json\/wp\/v2\/types\/page"}],"author":[{"embeddable":true,"href":"https:\/\/www.gskos.unios.hr\/index.php\/wp-json\/wp\/v2\/users\/9"}],"replies":[{"embeddable":true,"href":"https:\/\/www.gskos.unios.hr\/index.php\/wp-json\/wp\/v2\/comments?post=9126"}],"version-history":[{"count":3,"href":"https:\/\/www.gskos.unios.hr\/index.php\/wp-json\/wp\/v2\/pages\/9126\/revisions"}],"predecessor-version":[{"id":16048,"href":"https:\/\/www.gskos.unios.hr\/index.php\/wp-json\/wp\/v2\/pages\/9126\/revisions\/16048"}],"wp:attachment":[{"href":"https:\/\/www.gskos.unios.hr\/index.php\/wp-json\/wp\/v2\/media?parent=9126"}],"curies":[{"name":"wp","href":"https:\/\/api.w.org\/{rel}","templated":true}]}}